CRAN Package Check Results for Package tilegramsR

Last updated on 2025-07-12 09:49:34 CEST.

Flavor Version Tinstall Tcheck Ttotal Status Flags
r-devel-linux-x86_64-debian-clang 0.2.0 4.54 41.71 46.25 OK
r-devel-linux-x86_64-debian-gcc 0.2.0 3.57 32.52 36.09 OK
r-devel-linux-x86_64-fedora-clang 0.2.0 72.43 NOTE
r-devel-linux-x86_64-fedora-gcc 0.2.0 84.89 NOTE
r-devel-windows-x86_64 0.2.0 7.00 62.00 69.00 OK
r-patched-linux-x86_64 0.2.0 4.81 39.64 44.45 OK
r-release-linux-x86_64 0.2.0 4.31 39.84 44.15 OK
r-release-macos-arm64 0.2.0 46.00 OK
r-release-macos-x86_64 0.2.0 66.00 OK
r-release-windows-x86_64 0.2.0 9.00 60.00 69.00 OK
r-oldrel-macos-arm64 0.2.0 30.00 OK
r-oldrel-macos-x86_64 0.2.0 47.00 OK
r-oldrel-windows-x86_64 0.2.0 10.00 70.00 80.00 OK

Check Details

Version: 0.2.0
Check: dependencies in R code
Result: NOTE Namespace in Imports field not imported from: ‘sp’ All declared Imports should be used. Flavors: r-devel-linux-x86_64-fedora-clang, r-devel-linux-x86_64-fedora-gcc