CRAN Package Check Results for Package tidyindex

Last updated on 2025-02-19 09:51:05 CET.

Flavor Version Tinstall Tcheck Ttotal Status Flags
r-devel-linux-x86_64-debian-clang 0.1.0 8.45 85.54 93.99 NOTE
r-devel-linux-x86_64-debian-gcc 0.1.0 5.57 58.87 64.44 NOTE
r-devel-linux-x86_64-fedora-clang 0.1.0 155.45 NOTE
r-devel-linux-x86_64-fedora-gcc 0.1.0 149.36 NOTE
r-devel-macos-arm64 0.1.0 52.00 OK
r-devel-macos-x86_64 0.1.0 101.00 NOTE
r-devel-windows-x86_64 0.1.0 12.00 94.00 106.00 NOTE
r-patched-linux-x86_64 0.1.0 8.07 77.46 85.53 OK
r-release-linux-x86_64 0.1.0 8.06 75.72 83.78 OK
r-release-macos-arm64 0.1.0 47.00 OK
r-release-macos-x86_64 0.1.0 73.00 OK
r-release-windows-x86_64 0.1.0 13.00 93.00 106.00 OK
r-oldrel-macos-arm64 0.1.0 53.00 OK
r-oldrel-macos-x86_64 0.1.0 141.00 OK
r-oldrel-windows-x86_64 0.1.0 12.00 127.00 139.00 OK

Check Details

Version: 0.1.0
Check: DESCRIPTION meta-information
Result: NOTE Missing dependency on R >= 4.1.0 because package code uses the pipe |> or function shorthand \(...) syntax added in R 4.1.0. File(s) using such syntax: ‘checks.R’ ‘compute-indexes.R’ ‘dimension-reduction.R’ ‘distribution-fit.R’ ‘drought-indexes.R’ ‘init.R’ ‘normalise.R’ ‘rescaling.R’ ‘swap-values.R’ ‘temporal-aggregation.R’ ‘variable-transformation.R’ Flavors: r-devel-linux-x86_64-debian-clang, r-devel-linux-x86_64-debian-gcc, r-devel-linux-x86_64-fedora-clang, r-devel-linux-x86_64-fedora-gcc, r-devel-macos-x86_64, r-devel-windows-x86_64

Version: 0.1.0
Check: for unstated dependencies in ‘demo’
Result: NOTE '::' or ':::' imports not declared from: ‘here’ ‘janitor’ ‘ozmaps’ ‘readxl’ ‘rmapshaper’ ‘sf’ ‘tibble’ 'library' or 'require' calls not declared from: ‘GGally’ ‘ozmaps’ ‘tidyverse’ Flavors: r-devel-linux-x86_64-debian-clang, r-devel-linux-x86_64-debian-gcc