Last updated on 2025-02-15 09:52:58 CET.
Flavor | Version | Tinstall | Tcheck | Ttotal | Status | Flags |
---|---|---|---|---|---|---|
r-devel-linux-x86_64-debian-clang | 0.1.1 | 2.79 | 35.96 | 38.75 | OK | |
r-devel-linux-x86_64-debian-gcc | 0.1.1 | 2.02 | 26.80 | 28.82 | OK | |
r-devel-linux-x86_64-fedora-clang | 0.1.1 | 65.76 | NOTE | |||
r-devel-linux-x86_64-fedora-gcc | 0.1.1 | 72.60 | NOTE | |||
r-devel-macos-arm64 | 0.1.1 | 29.00 | OK | |||
r-devel-macos-x86_64 | 0.1.1 | 48.00 | OK | |||
r-devel-windows-x86_64 | 0.1.1 | 6.00 | 71.00 | 77.00 | OK | |
r-patched-linux-x86_64 | 0.1.1 | 2.43 | 33.02 | 35.45 | OK | |
r-release-linux-x86_64 | 0.1.1 | 2.69 | 32.79 | 35.48 | OK | |
r-release-macos-arm64 | 0.1.1 | 30.00 | OK | |||
r-release-macos-x86_64 | 0.1.1 | 66.00 | OK | |||
r-release-windows-x86_64 | 0.1.1 | 5.00 | 75.00 | 80.00 | OK | |
r-oldrel-macos-arm64 | 0.1.1 | 34.00 | OK | |||
r-oldrel-macos-x86_64 | 0.1.1 | 56.00 | OK | |||
r-oldrel-windows-x86_64 | 0.1.1 | 6.00 | 87.00 | 93.00 | OK |
Version: 0.1.1
Check: dependencies in R code
Result: NOTE
Namespaces in Imports field not imported from:
‘badger’ ‘ggplot2’ ‘lubridate’ ‘scales’ ‘xgboost’
All declared Imports should be used.
Flavors: r-devel-linux-x86_64-fedora-clang, r-devel-linux-x86_64-fedora-gcc