CRAN Package Check Results for Package thorn

Last updated on 2025-02-17 09:49:58 CET.

Flavor Version Tinstall Tcheck Ttotal Status Flags
r-devel-linux-x86_64-debian-clang 0.2.0 2.16 22.36 24.52 OK
r-devel-linux-x86_64-debian-gcc 0.2.0 1.76 18.02 19.78 OK
r-devel-linux-x86_64-fedora-clang 0.2.0 39.52 OK
r-devel-linux-x86_64-fedora-gcc 0.2.0 37.59 OK
r-devel-macos-arm64 0.2.0 18.00 OK
r-devel-macos-x86_64 0.2.0 28.00 OK
r-devel-windows-x86_64 0.2.0 4.00 44.00 48.00 OK
r-patched-linux-x86_64 0.2.0 2.39 21.76 24.15 NOTE
r-release-linux-x86_64 0.2.0 2.28 21.94 24.22 NOTE
r-release-macos-arm64 0.2.0 18.00 NOTE
r-release-macos-x86_64 0.2.0 25.00 NOTE
r-release-windows-x86_64 0.2.0 4.00 45.00 49.00 NOTE
r-oldrel-macos-arm64 0.2.0 17.00 NOTE
r-oldrel-macos-x86_64 0.2.0 24.00 NOTE
r-oldrel-windows-x86_64 0.2.0 5.00 45.00 50.00 NOTE

Check Details

Version: 0.2.0
Check: LazyData
Result: NOTE 'LazyData' is specified without a 'data' directory Flavors: r-patched-linux-x86_64, r-release-linux-x86_64, r-release-macos-arm64, r-release-macos-x86_64, r-release-windows-x86_64, r-oldrel-macos-arm64, r-oldrel-macos-x86_64, r-oldrel-windows-x86_64