Last updated on 2025-10-17 09:50:15 CEST.
Flavor | Version | Tinstall | Tcheck | Ttotal | Status | Flags |
---|---|---|---|---|---|---|
r-devel-linux-x86_64-debian-clang | 1.0.0 | 5.52 | 48.16 | 53.68 | NOTE | |
r-devel-linux-x86_64-debian-gcc | 1.0.0 | 3.36 | 34.74 | 38.10 | NOTE | |
r-devel-linux-x86_64-fedora-clang | 1.0.0 | 80.00 | NOTE | |||
r-devel-linux-x86_64-fedora-gcc | 1.0.0 | 72.15 | NOTE | |||
r-devel-windows-x86_64 | 1.0.0 | 7.00 | 60.00 | 67.00 | NOTE | |
r-patched-linux-x86_64 | 1.0.0 | 5.16 | 42.39 | 47.55 | NOTE | |
r-release-linux-x86_64 | 1.0.0 | 3.64 | 42.27 | 45.91 | NOTE | |
r-release-macos-arm64 | 1.0.0 | 29.00 | NOTE | |||
r-release-macos-x86_64 | 1.0.0 | 45.00 | NOTE | |||
r-release-windows-x86_64 | 1.0.0 | 9.00 | 64.00 | 73.00 | NOTE | |
r-oldrel-macos-arm64 | 1.0.0 | 24.00 | OK | |||
r-oldrel-macos-x86_64 | 1.0.0 | 40.00 | OK | |||
r-oldrel-windows-x86_64 | 1.0.0 | 10.00 | 72.00 | 82.00 | OK |
Version: 1.0.0
Check: DESCRIPTION meta-information
Result: NOTE
Missing dependency on R >= 4.1.0 because package code uses the pipe
|> or function shorthand \(...) syntax added in R 4.1.0.
File(s) using such syntax:
‘nlp_build_chunks.R’ ‘sem_search_corpus.R’
Flavors: r-devel-linux-x86_64-debian-clang, r-devel-linux-x86_64-debian-gcc, r-devel-linux-x86_64-fedora-clang, r-devel-linux-x86_64-fedora-gcc, r-devel-windows-x86_64, r-patched-linux-x86_64, r-release-linux-x86_64, r-release-macos-arm64, r-release-macos-x86_64, r-release-windows-x86_64