Last updated on 2025-02-20 09:51:04 CET.
Flavor | Version | Tinstall | Tcheck | Ttotal | Status | Flags |
---|---|---|---|---|---|---|
r-devel-linux-x86_64-debian-clang | 0.3.0 | 29.39 | 136.85 | 166.24 | OK | |
r-devel-linux-x86_64-debian-gcc | 0.3.0 | 28.86 | 111.22 | 140.08 | OK | |
r-devel-linux-x86_64-fedora-clang | 0.3.0 | 283.44 | OK | |||
r-devel-linux-x86_64-fedora-gcc | 0.3.0 | 305.16 | OK | |||
r-devel-macos-arm64 | 0.3.0 | 83.00 | OK | |||
r-devel-macos-x86_64 | 0.3.0 | 169.00 | OK | |||
r-devel-windows-x86_64 | 0.3.0 | 68.00 | 108.00 | 176.00 | OK | |
r-patched-linux-x86_64 | 0.3.0 | 37.36 | 138.00 | 175.36 | OK | |
r-release-linux-x86_64 | 0.3.0 | 37.16 | 138.89 | 176.05 | OK | |
r-release-macos-arm64 | 0.3.0 | 93.00 | NOTE | |||
r-release-macos-x86_64 | 0.3.0 | 162.00 | NOTE | |||
r-release-windows-x86_64 | 0.3.0 | 68.00 | 111.00 | 179.00 | NOTE | |
r-oldrel-macos-arm64 | 0.2.0 | 99.00 | NOTE | |||
r-oldrel-macos-x86_64 | 0.3.0 | 203.00 | NOTE | |||
r-oldrel-windows-x86_64 | 0.3.0 | 83.00 | 122.00 | 205.00 | NOTE |
Version: 0.3.0
Check: installed package size
Result: NOTE
installed size is 47.5Mb
sub-directories of 1Mb or more:
joss_paper 1.2Mb
libs 45.5Mb
Flavors: r-release-macos-arm64, r-release-macos-x86_64, r-release-windows-x86_64, r-oldrel-macos-x86_64, r-oldrel-windows-x86_64
Version: 0.2.0
Check: installed package size
Result: NOTE
installed size is 28.3Mb
sub-directories of 1Mb or more:
libs 26.7Mb
Flavor: r-oldrel-macos-arm64