Last updated on 2025-02-19 09:51:04 CET.
Flavor | Version | Tinstall | Tcheck | Ttotal | Status | Flags |
---|---|---|---|---|---|---|
r-devel-linux-x86_64-debian-clang | 1.15 | 8.69 | 36.78 | 45.47 | NOTE | |
r-devel-linux-x86_64-debian-gcc | 1.15 | 6.13 | 30.26 | 36.39 | NOTE | |
r-devel-linux-x86_64-fedora-clang | 1.15 | 70.80 | NOTE | |||
r-devel-linux-x86_64-fedora-gcc | 1.15 | 77.76 | NOTE | |||
r-devel-macos-arm64 | 1.15 | 30.00 | NOTE | |||
r-devel-macos-x86_64 | 1.15 | 50.00 | NOTE | |||
r-devel-windows-x86_64 | 1.15 | 14.00 | 65.00 | 79.00 | NOTE | |
r-patched-linux-x86_64 | 1.15 | 8.23 | 32.51 | 40.74 | NOTE | |
r-release-linux-x86_64 | 1.15 | 8.42 | 31.70 | 40.12 | NOTE | |
r-release-macos-arm64 | 1.15 | 30.00 | NOTE | |||
r-release-macos-x86_64 | 1.15 | 41.00 | NOTE | |||
r-release-windows-x86_64 | 1.15 | 12.00 | 61.00 | 73.00 | NOTE | |
r-oldrel-macos-arm64 | 1.15 | 28.00 | NOTE | |||
r-oldrel-macos-x86_64 | 1.15 | 38.00 | NOTE | |||
r-oldrel-windows-x86_64 | 1.15 | 15.00 | 82.00 | 97.00 | NOTE |
Version: 1.15
Check: C++ specification
Result: NOTE
Specified C++11: please drop specification unless essential
Flavors: r-devel-linux-x86_64-debian-clang, r-devel-linux-x86_64-debian-gcc, r-devel-linux-x86_64-fedora-clang, r-devel-linux-x86_64-fedora-gcc, r-devel-macos-arm64, r-devel-macos-x86_64, r-devel-windows-x86_64, r-patched-linux-x86_64, r-release-linux-x86_64, r-release-macos-arm64, r-release-macos-x86_64, r-release-windows-x86_64, r-oldrel-macos-arm64, r-oldrel-macos-x86_64, r-oldrel-windows-x86_64