CRAN Package Check Results for Package spectre

Last updated on 2025-07-12 09:49:32 CEST.

Flavor Version Tinstall Tcheck Ttotal Status Flags
r-devel-linux-x86_64-debian-clang 1.0.2 32.17 37.62 69.79 NOTE
r-devel-linux-x86_64-debian-gcc 1.0.2 26.88 31.59 58.47 NOTE
r-devel-linux-x86_64-fedora-clang 1.0.2 123.84 NOTE
r-devel-linux-x86_64-fedora-gcc 1.0.2 142.07 NOTE
r-devel-windows-x86_64 1.0.2 42.00 82.00 124.00 NOTE
r-patched-linux-x86_64 1.0.2 37.00 36.36 73.36 NOTE
r-release-linux-x86_64 1.0.2 33.34 36.39 69.73 NOTE
r-release-macos-arm64 1.0.2 46.00 NOTE
r-release-macos-x86_64 1.0.2 89.00 NOTE
r-release-windows-x86_64 1.0.2 44.00 82.00 126.00 NOTE
r-oldrel-macos-arm64 1.0.2 48.00 NOTE
r-oldrel-macos-x86_64 1.0.2 62.00 NOTE
r-oldrel-windows-x86_64 1.0.2 51.00 99.00 150.00 NOTE

Check Details

Version: 1.0.2
Check: C++ specification
Result: NOTE Specified C++11: please drop specification unless essential Flavors: r-devel-linux-x86_64-debian-clang, r-devel-linux-x86_64-debian-gcc, r-devel-linux-x86_64-fedora-clang, r-devel-linux-x86_64-fedora-gcc, r-devel-windows-x86_64, r-patched-linux-x86_64, r-release-linux-x86_64, r-release-macos-arm64, r-release-macos-x86_64, r-release-windows-x86_64, r-oldrel-macos-arm64, r-oldrel-macos-x86_64, r-oldrel-windows-x86_64

Version: 1.0.2
Check: installed package size
Result: NOTE installed size is 6.9Mb sub-directories of 1Mb or more: libs 6.6Mb Flavors: r-oldrel-macos-arm64, r-oldrel-macos-x86_64