Last updated on 2025-02-19 09:51:03 CET.
Flavor | Version | Tinstall | Tcheck | Ttotal | Status | Flags |
---|---|---|---|---|---|---|
r-devel-linux-x86_64-debian-clang | 0.1.0 | 7.52 | 83.03 | 90.55 | OK | |
r-devel-linux-x86_64-debian-gcc | 0.1.0 | 5.29 | 58.46 | 63.75 | OK | |
r-devel-linux-x86_64-fedora-clang | 0.1.0 | 134.84 | OK | |||
r-devel-linux-x86_64-fedora-gcc | 0.1.0 | 129.29 | OK | |||
r-devel-macos-arm64 | 0.1.0 | 43.00 | OK | |||
r-devel-macos-x86_64 | 0.1.0 | 82.00 | OK | |||
r-devel-windows-x86_64 | 0.1.0 | 8.00 | 86.00 | 94.00 | OK | |
r-patched-linux-x86_64 | 0.1.0 | 7.61 | 75.62 | 83.23 | NOTE | |
r-release-linux-x86_64 | 0.1.0 | 6.82 | 76.75 | 83.57 | NOTE | |
r-release-macos-arm64 | 0.1.0 | 39.00 | NOTE | |||
r-release-macos-x86_64 | 0.1.0 | 60.00 | NOTE | |||
r-release-windows-x86_64 | 0.1.0 | 8.00 | 87.00 | 95.00 | NOTE | |
r-oldrel-macos-arm64 | 0.1.0 | 44.00 | NOTE | |||
r-oldrel-macos-x86_64 | 0.1.0 | 73.00 | NOTE | |||
r-oldrel-windows-x86_64 | 0.1.0 | 11.00 | 103.00 | 114.00 | NOTE |
Version: 0.1.0
Check: LazyData
Result: NOTE
'LazyData' is specified without a 'data' directory
Flavors: r-patched-linux-x86_64, r-release-linux-x86_64, r-release-macos-arm64, r-release-macos-x86_64, r-release-windows-x86_64, r-oldrel-macos-arm64, r-oldrel-macos-x86_64, r-oldrel-windows-x86_64