Last updated on 2025-02-17 09:49:56 CET.
Flavor | Version | Tinstall | Tcheck | Ttotal | Status | Flags |
---|---|---|---|---|---|---|
r-devel-linux-x86_64-debian-clang | 0.4-4 | 2.38 | 22.17 | 24.55 | OK | |
r-devel-linux-x86_64-debian-gcc | 0.4-4 | 1.64 | 17.57 | 19.21 | OK | |
r-devel-linux-x86_64-fedora-clang | 0.4-4 | 39.28 | OK | |||
r-devel-linux-x86_64-fedora-gcc | 0.4-4 | 36.67 | OK | |||
r-devel-macos-arm64 | 0.4-4 | 18.00 | OK | |||
r-devel-macos-x86_64 | 0.4-4 | 30.00 | OK | |||
r-devel-windows-x86_64 | 0.4-4 | 4.00 | 49.00 | 53.00 | OK | |
r-patched-linux-x86_64 | 0.4-4 | 2.10 | 21.14 | 23.24 | OK | |
r-release-linux-x86_64 | 0.4-4 | 2.07 | 20.95 | 23.02 | OK | |
r-release-macos-arm64 | 0.4-4 | 24.00 | NOTE | |||
r-release-macos-x86_64 | 0.4-4 | 29.00 | NOTE | |||
r-release-windows-x86_64 | 0.4-4 | 4.00 | 47.00 | 51.00 | OK | |
r-oldrel-macos-arm64 | 0.4-4 | 16.00 | NOTE | |||
r-oldrel-macos-x86_64 | 0.4-4 | 22.00 | NOTE | |||
r-oldrel-windows-x86_64 | 0.4-4 | 3.00 | 47.00 | 50.00 | OK |
Version: 0.4-4
Check: package dependencies
Result: NOTE
Package which this enhances but not available for checking: ‘Rmpi’
Flavors: r-release-macos-arm64, r-release-macos-x86_64, r-oldrel-macos-arm64, r-oldrel-macos-x86_64