Last updated on 2025-02-17 09:49:56 CET.
Flavor | Version | Tinstall | Tcheck | Ttotal | Status | Flags |
---|---|---|---|---|---|---|
r-devel-linux-x86_64-debian-clang | 0.0.1 | 2.37 | 35.28 | 37.65 | OK | |
r-devel-linux-x86_64-debian-gcc | 0.0.1 | 1.72 | 27.10 | 28.82 | OK | |
r-devel-linux-x86_64-fedora-clang | 0.0.1 | 61.82 | NOTE | |||
r-devel-linux-x86_64-fedora-gcc | 0.0.1 | 56.06 | NOTE | |||
r-devel-macos-arm64 | 0.0.1 | 22.00 | OK | |||
r-devel-macos-x86_64 | 0.0.1 | 37.00 | OK | |||
r-devel-windows-x86_64 | 0.0.1 | 4.00 | 56.00 | 60.00 | OK | |
r-patched-linux-x86_64 | 0.0.1 | 2.63 | 32.49 | 35.12 | OK | |
r-release-linux-x86_64 | 0.0.1 | 2.11 | 32.93 | 35.04 | OK | |
r-release-macos-arm64 | 0.0.1 | 21.00 | OK | |||
r-release-macos-x86_64 | 0.0.1 | 33.00 | OK | |||
r-release-windows-x86_64 | 0.0.1 | 5.00 | 55.00 | 60.00 | OK | |
r-oldrel-macos-arm64 | 0.0.1 | 24.00 | OK | |||
r-oldrel-macos-x86_64 | 0.0.1 | 33.00 | OK | |||
r-oldrel-windows-x86_64 | 0.0.1 | 5.00 | 78.00 | 83.00 | OK |
Version: 0.0.1
Check: dependencies in R code
Result: NOTE
Namespaces in Imports field not imported from:
‘Rdpack’ ‘ggplot2’
All declared Imports should be used.
Flavors: r-devel-linux-x86_64-fedora-clang, r-devel-linux-x86_64-fedora-gcc