Last updated on 2025-02-15 09:52:56 CET.
Flavor | Version | Tinstall | Tcheck | Ttotal | Status | Flags |
---|---|---|---|---|---|---|
r-devel-linux-x86_64-debian-clang | 0.1.0 | 7.14 | 63.40 | 70.54 | NOTE | |
r-devel-linux-x86_64-debian-gcc | 0.1.0 | 5.18 | 48.79 | 53.97 | NOTE | |
r-devel-linux-x86_64-fedora-clang | 0.1.0 | 113.81 | NOTE | |||
r-devel-linux-x86_64-fedora-gcc | 0.1.0 | 106.96 | NOTE | |||
r-devel-macos-arm64 | 0.1.0 | 36.00 | NOTE | |||
r-devel-macos-x86_64 | 0.1.0 | 65.00 | NOTE | |||
r-devel-windows-x86_64 | 0.1.0 | 8.00 | 75.00 | 83.00 | NOTE | |
r-patched-linux-x86_64 | 0.1.0 | 6.67 | 58.50 | 65.17 | NOTE | |
r-release-linux-x86_64 | 0.1.0 | 7.11 | 59.12 | 66.23 | NOTE | |
r-release-macos-arm64 | 0.1.0 | 34.00 | NOTE | |||
r-release-macos-x86_64 | 0.1.0 | 49.00 | NOTE | |||
r-release-windows-x86_64 | 0.1.0 | 8.00 | 79.00 | 87.00 | NOTE | |
r-oldrel-macos-arm64 | 0.1.0 | 37.00 | NOTE | |||
r-oldrel-macos-x86_64 | 0.1.0 | 59.00 | NOTE | |||
r-oldrel-windows-x86_64 | 0.1.0 | 9.00 | 117.00 | 126.00 | NOTE |
Version: 0.1.0
Check: package subdirectories
Result: NOTE
Problems with news in ‘NEWS.md’:
No news entries found.
Flavors: r-devel-linux-x86_64-debian-clang, r-devel-linux-x86_64-debian-gcc, r-devel-linux-x86_64-fedora-clang, r-devel-linux-x86_64-fedora-gcc, r-devel-macos-arm64, r-devel-macos-x86_64, r-devel-windows-x86_64, r-patched-linux-x86_64, r-release-linux-x86_64, r-release-macos-arm64, r-release-macos-x86_64, r-release-windows-x86_64, r-oldrel-macos-arm64, r-oldrel-macos-x86_64, r-oldrel-windows-x86_64