CRAN Package Check Results for Package simpleSetup

Last updated on 2025-02-19 09:51:03 CET.

Flavor Version Tinstall Tcheck Ttotal Status Flags
r-devel-linux-x86_64-debian-clang 0.1.0 1.66 15.55 17.21 OK
r-devel-linux-x86_64-debian-gcc 0.1.0 1.32 12.59 13.91 OK
r-devel-linux-x86_64-fedora-clang 0.1.0 26.93 OK
r-devel-linux-x86_64-fedora-gcc 0.1.0 38.31 OK
r-devel-macos-arm64 0.1.0 17.00 OK
r-devel-macos-x86_64 0.1.0 31.00 OK
r-devel-windows-x86_64 0.1.0 3.00 39.00 42.00 OK
r-patched-linux-x86_64 0.1.0 1.43 14.80 16.23 NOTE
r-release-linux-x86_64 0.1.0 1.38 14.84 16.22 NOTE
r-release-macos-arm64 0.1.0 17.00 NOTE
r-release-macos-x86_64 0.1.0 25.00 NOTE
r-release-windows-x86_64 0.1.0 2.00 33.00 35.00 NOTE
r-oldrel-macos-arm64 0.1.0 27.00 NOTE
r-oldrel-macos-x86_64 0.1.0 25.00 NOTE
r-oldrel-windows-x86_64 0.1.0 2.00 35.00 37.00 NOTE

Check Details

Version: 0.1.0
Check: LazyData
Result: NOTE 'LazyData' is specified without a 'data' directory Flavors: r-patched-linux-x86_64, r-release-linux-x86_64, r-release-macos-arm64, r-release-macos-x86_64, r-release-windows-x86_64, r-oldrel-macos-arm64, r-oldrel-macos-x86_64, r-oldrel-windows-x86_64