Last updated on 2025-02-20 09:51:03 CET.
Flavor | Version | Tinstall | Tcheck | Ttotal | Status | Flags |
---|---|---|---|---|---|---|
r-devel-linux-x86_64-debian-clang | 0.4.2 | 2.08 | 49.50 | 51.58 | NOTE | |
r-devel-linux-x86_64-debian-gcc | 0.4.2 | 1.55 | 37.53 | 39.08 | NOTE | |
r-devel-linux-x86_64-fedora-clang | 0.4.2 | 71.38 | NOTE | |||
r-devel-linux-x86_64-fedora-gcc | 0.4.2 | 84.02 | NOTE | |||
r-devel-macos-arm64 | 0.4.2 | 45.00 | NOTE | |||
r-devel-macos-x86_64 | 0.4.2 | 77.00 | NOTE | |||
r-devel-windows-x86_64 | 0.4.2 | 3.00 | 80.00 | 83.00 | NOTE | |
r-patched-linux-x86_64 | 0.4.2 | 2.29 | 48.71 | 51.00 | NOTE | |
r-release-linux-x86_64 | 0.4.2 | 1.94 | 48.46 | 50.40 | NOTE | |
r-release-macos-arm64 | 0.4.2 | 48.00 | NOTE | |||
r-release-macos-x86_64 | 0.4.2 | 64.00 | NOTE | |||
r-release-windows-x86_64 | 0.4.2 | 3.00 | 79.00 | 82.00 | NOTE | |
r-oldrel-macos-arm64 | 0.4.2 | 53.00 | NOTE | |||
r-oldrel-macos-x86_64 | 0.4.2 | 68.00 | NOTE | |||
r-oldrel-windows-x86_64 | 0.4.2 | 4.00 | 89.00 | 93.00 | NOTE |
Version: 0.4.2
Check: package subdirectories
Result: NOTE
Problems with news in ‘NEWS.md’:
Cannot extract version info from the following section titles:
simpleCache [0.0.1]
Flavors: r-devel-linux-x86_64-debian-clang, r-devel-linux-x86_64-debian-gcc, r-devel-linux-x86_64-fedora-clang, r-devel-linux-x86_64-fedora-gcc, r-devel-macos-arm64, r-devel-macos-x86_64, r-devel-windows-x86_64, r-patched-linux-x86_64, r-release-linux-x86_64, r-release-macos-arm64, r-release-macos-x86_64, r-release-windows-x86_64, r-oldrel-macos-arm64, r-oldrel-macos-x86_64, r-oldrel-windows-x86_64