CRAN Package Check Results for Package shinyhttr

Last updated on 2025-02-20 09:51:03 CET.

Flavor Version Tinstall Tcheck Ttotal Status Flags
r-devel-linux-x86_64-debian-clang 1.1.0 1.73 16.82 18.55 OK
r-devel-linux-x86_64-debian-gcc 1.1.0 1.27 13.51 14.78 OK
r-devel-linux-x86_64-fedora-clang 1.1.0 30.13 NOTE
r-devel-linux-x86_64-fedora-gcc 1.1.0 28.04 NOTE
r-devel-macos-arm64 1.1.0 14.00 OK
r-devel-macos-x86_64 1.1.0 22.00 OK
r-devel-windows-x86_64 1.1.0 3.00 41.00 44.00 OK
r-patched-linux-x86_64 1.1.0 1.64 15.95 17.59 NOTE
r-release-linux-x86_64 1.1.0 1.53 16.12 17.65 NOTE
r-release-macos-arm64 1.1.0 14.00 NOTE
r-release-macos-x86_64 1.1.0 20.00 NOTE
r-release-windows-x86_64 1.1.0 3.00 38.00 41.00 NOTE
r-oldrel-macos-arm64 1.1.0 15.00 NOTE
r-oldrel-macos-x86_64 1.1.0 18.00 NOTE
r-oldrel-windows-x86_64 1.1.0 4.00 37.00 41.00 NOTE

Check Details

Version: 1.1.0
Check: dependencies in R code
Result: NOTE Namespace in Imports field not imported from: ‘httr’ All declared Imports should be used. Flavors: r-devel-linux-x86_64-fedora-clang, r-devel-linux-x86_64-fedora-gcc

Version: 1.1.0
Check: LazyData
Result: NOTE 'LazyData' is specified without a 'data' directory Flavors: r-patched-linux-x86_64, r-release-linux-x86_64, r-release-macos-arm64, r-release-macos-x86_64, r-release-windows-x86_64, r-oldrel-macos-arm64, r-oldrel-macos-x86_64, r-oldrel-windows-x86_64