CRAN Package Check Results for Package serieslcb

Last updated on 2025-02-19 09:51:02 CET.

Flavor Version Tinstall Tcheck Ttotal Status Flags
r-devel-linux-x86_64-debian-clang 0.4.0 4.18 33.95 38.13 OK
r-devel-linux-x86_64-debian-gcc 0.4.0 2.74 24.93 27.67 OK
r-devel-linux-x86_64-fedora-clang 0.4.0 58.80 OK
r-devel-linux-x86_64-fedora-gcc 0.4.0 56.66 OK
r-devel-macos-arm64 0.4.0 22.00 OK
r-devel-macos-x86_64 0.4.0 36.00 OK
r-devel-windows-x86_64 0.4.0 6.00 59.00 65.00 OK
r-patched-linux-x86_64 0.4.0 4.11 32.13 36.24 NOTE
r-release-linux-x86_64 0.4.0 3.89 32.27 36.16 NOTE
r-release-macos-arm64 0.4.0 21.00 NOTE
r-release-macos-x86_64 0.4.0 30.00 NOTE
r-release-windows-x86_64 0.4.0 5.00 57.00 62.00 NOTE
r-oldrel-macos-arm64 0.4.0 23.00 NOTE
r-oldrel-macos-x86_64 0.4.0 30.00 NOTE
r-oldrel-windows-x86_64 0.4.0 8.00 64.00 72.00 NOTE

Check Details

Version: 0.4.0
Check: LazyData
Result: NOTE 'LazyData' is specified without a 'data' directory Flavors: r-patched-linux-x86_64, r-release-linux-x86_64, r-release-macos-arm64, r-release-macos-x86_64, r-release-windows-x86_64, r-oldrel-macos-arm64, r-oldrel-macos-x86_64, r-oldrel-windows-x86_64