CRAN Package Check Results for Package scatr

Last updated on 2025-02-19 09:51:02 CET.

Flavor Version Tinstall Tcheck Ttotal Status Flags
r-devel-linux-x86_64-debian-clang 1.0.1 2.89 20.82 23.71 OK
r-devel-linux-x86_64-debian-gcc 1.0.1 3.13 16.38 19.51 OK
r-devel-linux-x86_64-fedora-clang 1.0.1 39.85 NOTE
r-devel-linux-x86_64-fedora-gcc 1.0.1 39.50 NOTE
r-devel-macos-arm64 1.0.1 25.00 OK
r-devel-macos-x86_64 1.0.1 30.00 OK
r-devel-windows-x86_64 1.0.1 7.00 41.00 48.00 OK
r-patched-linux-x86_64 1.0.1 3.98 19.21 23.19 NOTE
r-release-linux-x86_64 1.0.1 4.88 19.68 24.56 NOTE
r-release-macos-arm64 1.0.1 18.00 NOTE
r-release-macos-x86_64 1.0.1 24.00 NOTE
r-release-windows-x86_64 1.0.1 7.00 41.00 48.00 NOTE
r-oldrel-macos-arm64 1.0.1 17.00 NOTE
r-oldrel-macos-x86_64 1.0.1 23.00 NOTE
r-oldrel-windows-x86_64 1.0.1 7.00 46.00 53.00 NOTE

Check Details

Version: 1.0.1
Check: dependencies in R code
Result: NOTE Namespaces in Imports field not imported from: ‘R6’ ‘cowplot’ ‘ggplot2’ ‘ggridges’ ‘ggstance’ ‘jmvcore’ All declared Imports should be used. Flavors: r-devel-linux-x86_64-fedora-clang, r-devel-linux-x86_64-fedora-gcc

Version: 1.0.1
Check: LazyData
Result: NOTE 'LazyData' is specified without a 'data' directory Flavors: r-patched-linux-x86_64, r-release-linux-x86_64, r-release-macos-arm64, r-release-macos-x86_64, r-release-windows-x86_64, r-oldrel-macos-arm64, r-oldrel-macos-x86_64, r-oldrel-windows-x86_64