Last updated on 2025-02-19 09:51:02 CET.
Flavor | Version | Tinstall | Tcheck | Ttotal | Status | Flags |
---|---|---|---|---|---|---|
r-devel-linux-x86_64-debian-clang | 0.1.0 | 4.63 | 46.89 | 51.52 | OK | |
r-devel-linux-x86_64-debian-gcc | 0.1.0 | 3.50 | 33.50 | 37.00 | OK | |
r-devel-linux-x86_64-fedora-clang | 0.1.0 | 80.45 | OK | |||
r-devel-linux-x86_64-fedora-gcc | 0.1.0 | 73.23 | OK | |||
r-devel-macos-arm64 | 0.1.0 | 29.00 | OK | |||
r-devel-macos-x86_64 | 0.1.0 | 77.00 | OK | |||
r-devel-windows-x86_64 | 0.1.0 | 6.00 | 68.00 | 74.00 | OK | |
r-patched-linux-x86_64 | 0.1.0 | 4.66 | 42.77 | 47.43 | NOTE | |
r-release-linux-x86_64 | 0.1.0 | 4.20 | 43.90 | 48.10 | NOTE | |
r-release-macos-arm64 | 0.1.0 | 25.00 | NOTE | |||
r-release-macos-x86_64 | 0.1.0 | 38.00 | NOTE | |||
r-release-windows-x86_64 | 0.1.0 | 7.00 | 62.00 | 69.00 | NOTE | |
r-oldrel-macos-arm64 | 0.1.0 | 24.00 | NOTE | |||
r-oldrel-macos-x86_64 | 0.1.0 | 41.00 | NOTE | |||
r-oldrel-windows-x86_64 | 0.1.0 | 8.00 | 72.00 | 80.00 | NOTE |
Version: 0.1.0
Check: LazyData
Result: NOTE
'LazyData' is specified without a 'data' directory
Flavors: r-patched-linux-x86_64, r-release-linux-x86_64, r-release-macos-arm64, r-release-macos-x86_64, r-release-windows-x86_64, r-oldrel-macos-arm64, r-oldrel-macos-x86_64, r-oldrel-windows-x86_64