CRAN Package Check Results for Package sahpm

Last updated on 2025-02-19 09:51:02 CET.

Flavor Version Tinstall Tcheck Ttotal Status Flags
r-devel-linux-x86_64-debian-clang 1.0.1 1.90 21.45 23.35 OK
r-devel-linux-x86_64-debian-gcc 1.0.1 1.41 16.01 17.42 OK
r-devel-linux-x86_64-fedora-clang 1.0.1 36.72 NOTE
r-devel-linux-x86_64-fedora-gcc 1.0.1 35.31 NOTE
r-devel-macos-arm64 1.0.1 18.00 OK
r-devel-macos-x86_64 1.0.1 24.00 OK
r-devel-windows-x86_64 1.0.1 3.00 49.00 52.00 OK
r-patched-linux-x86_64 1.0.1 1.94 20.50 22.44 OK
r-release-linux-x86_64 1.0.1 1.96 20.51 22.47 OK
r-release-macos-arm64 1.0.1 14.00 OK
r-release-macos-x86_64 1.0.1 23.00 OK
r-release-windows-x86_64 1.0.1 3.00 42.00 45.00 OK
r-oldrel-macos-arm64 1.0.1 17.00 OK
r-oldrel-macos-x86_64 1.0.1 22.00 OK
r-oldrel-windows-x86_64 1.0.1 2.00 47.00 49.00 OK

Check Details

Version: 1.0.1
Check: dependencies in R code
Result: NOTE Namespace in Imports field not imported from: ‘mvtnorm’ All declared Imports should be used. Flavors: r-devel-linux-x86_64-fedora-clang, r-devel-linux-x86_64-fedora-gcc