Last updated on 2025-02-17 09:49:54 CET.
Flavor | Version | Tinstall | Tcheck | Ttotal | Status | Flags |
---|---|---|---|---|---|---|
r-devel-linux-x86_64-debian-clang | 0.2.14 | 81.35 | 26.34 | 107.69 | OK | |
r-devel-linux-x86_64-debian-gcc | 0.2.14 | 60.53 | 20.48 | 81.01 | OK | |
r-devel-linux-x86_64-fedora-clang | 0.2.14 | 244.22 | OK | |||
r-devel-linux-x86_64-fedora-gcc | 0.2.14 | 206.90 | OK | |||
r-devel-macos-arm64 | 0.2.14 | 49.00 | OK | |||
r-devel-macos-x86_64 | 0.2.14 | 75.00 | OK | |||
r-devel-windows-x86_64 | 0.2.14 | 90.00 | 77.00 | 167.00 | OK | |
r-patched-linux-x86_64 | 0.2.14 | 84.24 | 25.11 | 109.35 | OK | |
r-release-linux-x86_64 | 0.2.14 | 83.88 | 24.77 | 108.65 | OK | |
r-release-macos-arm64 | 0.2.14 | 69.00 | NOTE | |||
r-release-macos-x86_64 | 0.2.14 | 77.00 | NOTE | |||
r-release-windows-x86_64 | 0.2.14 | 93.00 | 77.00 | 170.00 | OK | |
r-oldrel-macos-arm64 | 0.2.14 | 62.00 | NOTE | |||
r-oldrel-macos-x86_64 | 0.2.14 | 60.00 | NOTE | |||
r-oldrel-windows-x86_64 | 0.2.14 | 100.00 | 80.00 | 180.00 | OK |
Version: 0.2.14
Check: installed package size
Result: NOTE
installed size is 8.9Mb
sub-directories of 1Mb or more:
libs 8.5Mb
Flavors: r-release-macos-arm64, r-release-macos-x86_64, r-oldrel-macos-arm64, r-oldrel-macos-x86_64