CRAN Package Check Results for Package runstats

Last updated on 2025-02-19 09:51:02 CET.

Flavor Version Tinstall Tcheck Ttotal Status Flags
r-devel-linux-x86_64-debian-clang 1.1.0 2.18 30.40 32.58 OK
r-devel-linux-x86_64-debian-gcc 1.1.0 1.70 23.53 25.23 OK
r-devel-linux-x86_64-fedora-clang 1.1.0 53.49 OK
r-devel-linux-x86_64-fedora-gcc 1.1.0 65.80 OK
r-devel-macos-arm64 1.1.0 29.00 OK
r-devel-macos-x86_64 1.1.0 48.00 OK
r-devel-windows-x86_64 1.1.0 4.00 52.00 56.00 OK
r-patched-linux-x86_64 1.1.0 2.50 29.15 31.65 NOTE
r-release-linux-x86_64 1.1.0 1.86 29.03 30.89 NOTE
r-release-macos-arm64 1.1.0 36.00 NOTE
r-release-macos-x86_64 1.1.0 47.00 NOTE
r-release-windows-x86_64 1.1.0 5.00 53.00 58.00 NOTE
r-oldrel-macos-arm64 1.1.0 29.00 NOTE
r-oldrel-macos-x86_64 1.1.0 36.00 NOTE
r-oldrel-windows-x86_64 1.1.0 6.00 59.00 65.00 NOTE

Check Details

Version: 1.1.0
Check: LazyData
Result: NOTE 'LazyData' is specified without a 'data' directory Flavors: r-patched-linux-x86_64, r-release-linux-x86_64, r-release-macos-arm64, r-release-macos-x86_64, r-release-windows-x86_64, r-oldrel-macos-arm64, r-oldrel-macos-x86_64, r-oldrel-windows-x86_64

Version: 1.1.0
Check: installed package size
Result: NOTE installed size is 5.2Mb sub-directories of 1Mb or more: doc 4.7Mb Flavors: r-release-macos-arm64, r-release-macos-x86_64, r-release-windows-x86_64, r-oldrel-macos-arm64, r-oldrel-macos-x86_64, r-oldrel-windows-x86_64