Last updated on 2025-02-20 09:51:02 CET.
Flavor | Version | Tinstall | Tcheck | Ttotal | Status | Flags |
---|---|---|---|---|---|---|
r-devel-linux-x86_64-debian-clang | 0.5.1 | 6.83 | 45.67 | 52.50 | NOTE | |
r-devel-linux-x86_64-debian-gcc | 0.5.1 | 3.27 | 32.34 | 35.61 | NOTE | |
r-devel-linux-x86_64-fedora-clang | 0.5.1 | 80.26 | NOTE | |||
r-devel-linux-x86_64-fedora-gcc | 0.5.1 | 91.50 | NOTE | |||
r-devel-macos-arm64 | 0.5.1 | 34.00 | OK | |||
r-devel-macos-x86_64 | 0.5.1 | 60.00 | NOTE | |||
r-devel-windows-x86_64 | 0.5.1 | 9.00 | 71.00 | 80.00 | NOTE | |
r-patched-linux-x86_64 | 0.5.1 | 6.79 | 41.92 | 48.71 | OK | |
r-release-linux-x86_64 | 0.5.1 | 5.62 | 41.60 | 47.22 | OK | |
r-release-macos-arm64 | 0.5.1 | 33.00 | OK | |||
r-release-macos-x86_64 | 0.5.1 | 56.00 | OK | |||
r-release-windows-x86_64 | 0.5.1 | 9.00 | 66.00 | 75.00 | OK | |
r-oldrel-macos-arm64 | 0.5.1 | 35.00 | OK | |||
r-oldrel-macos-x86_64 | 0.5.1 | 59.00 | OK | |||
r-oldrel-windows-x86_64 | 0.5.1 | 11.00 | 99.00 | 110.00 | OK |
Version: 0.5.1
Check: DESCRIPTION meta-information
Result: NOTE
Missing dependency on R >= 4.1.0 because package code uses the pipe
|> or function shorthand \(...) syntax added in R 4.1.0.
File(s) using such syntax:
‘ma_support.R’ ‘mb_support.R’ ‘mb_timeline.R’ ‘memory_alpha.R’
‘memory_beta.R’ ‘tiles.R’
Flavors: r-devel-linux-x86_64-debian-clang, r-devel-linux-x86_64-debian-gcc, r-devel-linux-x86_64-fedora-clang, r-devel-linux-x86_64-fedora-gcc, r-devel-macos-x86_64, r-devel-windows-x86_64