Last updated on 2025-02-19 09:51:01 CET.
Flavor | Version | Tinstall | Tcheck | Ttotal | Status | Flags |
---|---|---|---|---|---|---|
r-devel-linux-x86_64-debian-clang | 1.1.3 | 9.61 | 86.07 | 95.68 | NOTE | |
r-devel-linux-x86_64-debian-gcc | 1.1.3 | 6.32 | 62.26 | 68.58 | NOTE | |
r-devel-linux-x86_64-fedora-clang | 1.1.3 | 145.90 | NOTE | |||
r-devel-linux-x86_64-fedora-gcc | 1.1.3 | 164.61 | NOTE | |||
r-devel-macos-arm64 | 1.1.3 | 55.00 | NOTE | |||
r-devel-macos-x86_64 | 1.1.3 | 168.00 | NOTE | |||
r-devel-windows-x86_64 | 1.1.3 | 13.00 | 103.00 | 116.00 | NOTE | |
r-patched-linux-x86_64 | 1.1.3 | 10.11 | 79.57 | 89.68 | NOTE | |
r-release-linux-x86_64 | 1.1.3 | 10.10 | 78.98 | 89.08 | NOTE | |
r-release-macos-arm64 | 1.1.3 | 58.00 | NOTE | |||
r-release-macos-x86_64 | 1.1.3 | 89.00 | NOTE | |||
r-release-windows-x86_64 | 1.1.3 | 14.00 | 104.00 | 118.00 | NOTE | |
r-oldrel-macos-arm64 | 1.1.3 | 54.00 | OK | |||
r-oldrel-macos-x86_64 | 1.1.3 | 109.00 | OK | |||
r-oldrel-windows-x86_64 | 1.1.3 | 16.00 | 123.00 | 139.00 | OK |
Version: 1.1.3
Check: Rd files
Result: NOTE
checkRd: (-1) update_tidy_omic.Rd:16-17: Lost braces
16 | in \code{updated_tidy_data} (names) and the table {features, samples,
| ^
Flavors: r-devel-linux-x86_64-debian-clang, r-devel-linux-x86_64-debian-gcc, r-devel-linux-x86_64-fedora-clang, r-devel-linux-x86_64-fedora-gcc, r-devel-macos-arm64, r-devel-macos-x86_64, r-devel-windows-x86_64, r-patched-linux-x86_64, r-release-linux-x86_64, r-release-macos-arm64, r-release-macos-x86_64, r-release-windows-x86_64