Last updated on 2025-02-19 09:51:01 CET.
Flavor | Version | Tinstall | Tcheck | Ttotal | Status | Flags |
---|---|---|---|---|---|---|
r-devel-linux-x86_64-debian-clang | 0.3.1 | 3.58 | 30.30 | 33.88 | OK | |
r-devel-linux-x86_64-debian-gcc | 0.3.1 | 2.52 | 24.03 | 26.55 | OK | |
r-devel-linux-x86_64-fedora-clang | 0.3.1 | 52.60 | OK | |||
r-devel-linux-x86_64-fedora-gcc | 0.3.1 | 50.25 | OK | |||
r-devel-macos-arm64 | 0.3.1 | 21.00 | OK | |||
r-devel-macos-x86_64 | 0.3.1 | 45.00 | OK | |||
r-devel-windows-x86_64 | 0.3.1 | 5.00 | 65.00 | 70.00 | OK | |
r-patched-linux-x86_64 | 0.3.1 | 3.41 | 28.35 | 31.76 | NOTE | |
r-release-linux-x86_64 | 0.3.1 | 2.73 | 28.65 | 31.38 | NOTE | |
r-release-macos-arm64 | 0.3.1 | 21.00 | NOTE | |||
r-release-macos-x86_64 | 0.3.1 | 29.00 | NOTE | |||
r-release-windows-x86_64 | 0.3.1 | 5.00 | 58.00 | 63.00 | NOTE | |
r-oldrel-macos-arm64 | 0.3.1 | 22.00 | NOTE | |||
r-oldrel-macos-x86_64 | 0.3.1 | 28.00 | NOTE | |||
r-oldrel-windows-x86_64 | 0.3.1 | 6.00 | 65.00 | 71.00 | NOTE |
Version: 0.3.1
Check: LazyData
Result: NOTE
'LazyData' is specified without a 'data' directory
Flavors: r-patched-linux-x86_64, r-release-linux-x86_64, r-release-macos-arm64, r-release-macos-x86_64, r-release-windows-x86_64, r-oldrel-macos-arm64, r-oldrel-macos-x86_64, r-oldrel-windows-x86_64