Last updated on 2025-02-19 09:51:01 CET.
Flavor | Version | Tinstall | Tcheck | Ttotal | Status | Flags |
---|---|---|---|---|---|---|
r-devel-linux-x86_64-debian-clang | 0.8.9 | 3.57 | 32.22 | 35.79 | NOTE | |
r-devel-linux-x86_64-debian-gcc | 0.8.9 | 2.50 | 24.23 | 26.73 | NOTE | |
r-devel-linux-x86_64-fedora-clang | 0.8.9 | 57.15 | NOTE | |||
r-devel-linux-x86_64-fedora-gcc | 0.8.9 | 54.53 | NOTE | |||
r-devel-macos-arm64 | 0.8.9 | 25.00 | NOTE | |||
r-devel-macos-x86_64 | 0.8.9 | 48.00 | NOTE | |||
r-devel-windows-x86_64 | 0.8.9 | 4.00 | 60.00 | 64.00 | NOTE | |
r-patched-linux-x86_64 | 0.8.9 | 3.94 | 30.52 | 34.46 | NOTE | |
r-release-linux-x86_64 | 0.8.9 | 3.58 | 30.72 | 34.30 | NOTE | |
r-release-macos-arm64 | 0.8.9 | 27.00 | NOTE | |||
r-release-macos-x86_64 | 0.8.9 | 29.00 | NOTE | |||
r-release-windows-x86_64 | 0.8.9 | 5.00 | 59.00 | 64.00 | NOTE | |
r-oldrel-macos-arm64 | 0.8.9 | 22.00 | NOTE | |||
r-oldrel-macos-x86_64 | 0.8.9 | 31.00 | NOTE | |||
r-oldrel-windows-x86_64 | 0.8.9 | 6.00 | 89.00 | 95.00 | NOTE |
Version: 0.8.9
Check: Rd files
Result: NOTE
checkRd: (-1) as-data-frame-cast-df-v7.rd:3: Escaped LaTeX specials: \_
checkRd: (-1) as-data-frame-cast-matrix-59.rd:3: Escaped LaTeX specials: \_
checkRd: (-1) as-matrix-cast-df-bu.rd:3: Escaped LaTeX specials: \_
checkRd: (-1) as-matrix-cast-matrix-2y.rd:3: Escaped LaTeX specials: \_
checkRd: (-1) cast-9g.rd:19: Escaped LaTeX specials: \_ \_
checkRd: (-1) cast-9g.rd:41: Escaped LaTeX specials: \_
checkRd: (-1) cast-9g.rd:46: Escaped LaTeX specials: \_ \_
checkRd: (-1) clean-vars-rc.rd:13: Escaped LaTeX specials: \_
checkRd: (-1) expand-kx.rd:15: Escaped LaTeX specials: \_
checkRd: (-1) reshape-4u.rd:17: Escaped LaTeX specials: \_ \_
Flavors: r-devel-linux-x86_64-debian-clang, r-devel-linux-x86_64-debian-gcc, r-devel-linux-x86_64-fedora-clang, r-devel-linux-x86_64-fedora-gcc, r-devel-macos-arm64, r-devel-macos-x86_64, r-devel-windows-x86_64, r-patched-linux-x86_64, r-release-linux-x86_64, r-release-macos-arm64, r-release-macos-x86_64, r-release-windows-x86_64, r-oldrel-macos-arm64, r-oldrel-macos-x86_64, r-oldrel-windows-x86_64