Last updated on 2025-02-19 09:51:01 CET.
Flavor | Version | Tinstall | Tcheck | Ttotal | Status | Flags |
---|---|---|---|---|---|---|
r-devel-linux-x86_64-debian-clang | 0.1.0 | 1.89 | 17.32 | 19.21 | OK | |
r-devel-linux-x86_64-debian-gcc | 0.1.0 | 1.50 | 14.23 | 15.73 | OK | |
r-devel-linux-x86_64-fedora-clang | 0.1.0 | 30.83 | OK | |||
r-devel-linux-x86_64-fedora-gcc | 0.1.0 | 29.73 | OK | |||
r-devel-macos-arm64 | 0.1.0 | 13.00 | OK | |||
r-devel-macos-x86_64 | 0.1.0 | 22.00 | OK | |||
r-devel-windows-x86_64 | 0.1.0 | 3.00 | 48.00 | 51.00 | OK | |
r-patched-linux-x86_64 | 0.1.0 | 1.87 | 16.77 | 18.64 | NOTE | |
r-release-linux-x86_64 | 0.1.0 | 1.66 | 16.78 | 18.44 | NOTE | |
r-release-macos-arm64 | 0.1.0 | 13.00 | NOTE | |||
r-release-macos-x86_64 | 0.1.0 | 21.00 | NOTE | |||
r-release-windows-x86_64 | 0.1.0 | 2.00 | 42.00 | 44.00 | NOTE | |
r-oldrel-macos-arm64 | 0.1.0 | 14.00 | NOTE | |||
r-oldrel-macos-x86_64 | 0.1.0 | 18.00 | NOTE | |||
r-oldrel-windows-x86_64 | 0.1.0 | 3.00 | 63.00 | 66.00 | NOTE |
Version: 0.1.0
Check: LazyData
Result: NOTE
'LazyData' is specified without a 'data' directory
Flavors: r-patched-linux-x86_64, r-release-linux-x86_64, r-release-macos-arm64, r-release-macos-x86_64, r-release-windows-x86_64, r-oldrel-macos-arm64, r-oldrel-macos-x86_64, r-oldrel-windows-x86_64