Last updated on 2025-02-20 09:51:01 CET.
Flavor | Version | Tinstall | Tcheck | Ttotal | Status | Flags |
---|---|---|---|---|---|---|
r-devel-linux-x86_64-debian-clang | 0.1.0 | 9.71 | 47.46 | 57.17 | OK | |
r-devel-linux-x86_64-debian-gcc | 0.1.0 | 5.40 | 33.49 | 38.89 | OK | |
r-devel-linux-x86_64-fedora-clang | 0.1.0 | 85.57 | OK | |||
r-devel-linux-x86_64-fedora-gcc | 0.1.0 | 80.22 | OK | |||
r-devel-macos-arm64 | 0.1.0 | 29.00 | OK | |||
r-devel-macos-x86_64 | 0.1.0 | 51.00 | OK | |||
r-devel-windows-x86_64 | 0.1.0 | 11.00 | 64.00 | 75.00 | OK | |
r-patched-linux-x86_64 | 0.1.0 | 8.94 | 42.50 | 51.44 | NOTE | |
r-release-linux-x86_64 | 0.1.0 | 7.59 | 43.10 | 50.69 | NOTE | |
r-release-macos-arm64 | 0.1.0 | 26.00 | NOTE | |||
r-release-macos-x86_64 | 0.1.0 | 38.00 | NOTE | |||
r-release-windows-x86_64 | 0.1.0 | 13.00 | 62.00 | 75.00 | NOTE | |
r-oldrel-macos-arm64 | 0.1.0 | 29.00 | NOTE | |||
r-oldrel-macos-x86_64 | 0.1.0 | 44.00 | NOTE | |||
r-oldrel-windows-x86_64 | 0.1.0 | 13.00 | 77.00 | 90.00 | NOTE |
Version: 0.1.0
Check: LazyData
Result: NOTE
'LazyData' is specified without a 'data' directory
Flavors: r-patched-linux-x86_64, r-release-linux-x86_64, r-release-macos-arm64, r-release-macos-x86_64, r-release-windows-x86_64, r-oldrel-macos-arm64, r-oldrel-macos-x86_64, r-oldrel-windows-x86_64