Last updated on 2025-02-17 09:49:53 CET.
Flavor | Version | Tinstall | Tcheck | Ttotal | Status | Flags |
---|---|---|---|---|---|---|
r-devel-linux-x86_64-debian-clang | 1.0.2 | 109.17 | 46.90 | 156.07 | OK | |
r-devel-linux-x86_64-debian-gcc | 1.0.2 | 66.74 | 33.93 | 100.67 | OK | |
r-devel-linux-x86_64-fedora-clang | 1.0.2 | 331.25 | OK | |||
r-devel-linux-x86_64-fedora-gcc | 1.0.2 | 266.67 | OK | |||
r-devel-macos-arm64 | 1.0.2 | 54.00 | OK | |||
r-devel-macos-x86_64 | 1.0.2 | 106.00 | OK | |||
r-devel-windows-x86_64 | 1.0.2 | 109.00 | 96.00 | 205.00 | OK | |
r-patched-linux-x86_64 | 1.0.2 | 95.67 | 44.65 | 140.32 | OK | |
r-release-linux-x86_64 | 1.0.2 | 94.22 | 44.86 | 139.08 | OK | |
r-release-macos-arm64 | 1.0.2 | 59.00 | NOTE | |||
r-release-macos-x86_64 | 1.0.2 | 132.00 | NOTE | |||
r-release-windows-x86_64 | 1.0.2 | 108.00 | 81.00 | 189.00 | OK | |
r-oldrel-macos-arm64 | 1.0.1 | 68.00 | NOTE | |||
r-oldrel-macos-x86_64 | 1.0.2 | 75.00 | NOTE | |||
r-oldrel-windows-x86_64 | 1.0.2 | 135.00 | 95.00 | 230.00 | OK |
Version: 1.0.2
Check: installed package size
Result: NOTE
installed size is 7.4Mb
sub-directories of 1Mb or more:
data 2.4Mb
libs 4.9Mb
Flavors: r-release-macos-arm64, r-release-macos-x86_64, r-oldrel-macos-x86_64
Version: 1.0.1
Check: installed package size
Result: NOTE
installed size is 7.3Mb
sub-directories of 1Mb or more:
data 2.4Mb
libs 4.8Mb
Flavor: r-oldrel-macos-arm64