Last updated on 2025-02-17 09:49:53 CET.
Flavor | Version | Tinstall | Tcheck | Ttotal | Status | Flags |
---|---|---|---|---|---|---|
r-devel-linux-x86_64-debian-clang | 1.2-7 | 7.09 | 59.29 | 66.38 | NOTE | |
r-devel-linux-x86_64-debian-gcc | 1.2-7 | 6.28 | 45.82 | 52.10 | NOTE | |
r-devel-linux-x86_64-fedora-clang | 1.2-7 | 101.49 | OK | |||
r-devel-linux-x86_64-fedora-gcc | 1.2-7 | 96.88 | OK | |||
r-devel-macos-arm64 | 1.2-7 | 37.00 | OK | |||
r-devel-macos-x86_64 | 1.2-7 | 64.00 | OK | |||
r-devel-windows-x86_64 | 1.2-7 | 13.00 | 74.00 | 87.00 | NOTE | |
r-patched-linux-x86_64 | 1.2-7 | 6.65 | 56.18 | 62.83 | OK | |
r-release-linux-x86_64 | 1.2-7 | 7.74 | 55.78 | 63.52 | OK | |
r-release-macos-arm64 | 1.2-7 | 35.00 | OK | |||
r-release-macos-x86_64 | 1.2-7 | 61.00 | OK | |||
r-release-windows-x86_64 | 1.2-7 | 12.00 | 74.00 | 86.00 | OK | |
r-oldrel-macos-arm64 | 1.2-7 | 38.00 | OK | |||
r-oldrel-macos-x86_64 | 1.2-7 | 86.00 | OK | |||
r-oldrel-windows-x86_64 | 1.2-7 | 12.00 | 81.00 | 93.00 | OK |
Version: 1.2-7
Check: Rd cross-references
Result: NOTE
Found the following Rd file(s) with Rd \link{} targets missing package
anchors:
reglogit.Rd: Matrix
Please provide package anchors for all Rd \link{} targets not in the
package itself and the base packages.
Flavors: r-devel-linux-x86_64-debian-clang, r-devel-linux-x86_64-debian-gcc, r-devel-windows-x86_64