Last updated on 2025-02-21 09:50:57 CET.
Flavor | Version | Tinstall | Tcheck | Ttotal | Status | Flags |
---|---|---|---|---|---|---|
r-devel-linux-x86_64-debian-clang | 0.1.1 | 2.64 | 36.79 | 39.43 | NOTE | |
r-devel-linux-x86_64-debian-gcc | 0.1.1 | 2.18 | 28.37 | 30.55 | NOTE | |
r-devel-linux-x86_64-fedora-clang | 0.1.1 | 62.66 | NOTE | |||
r-devel-linux-x86_64-fedora-gcc | 0.1.1 | 61.55 | NOTE | |||
r-devel-macos-arm64 | 0.1.1 | 23.00 | OK | |||
r-devel-macos-x86_64 | 0.1.1 | 38.00 | NOTE | |||
r-patched-linux-x86_64 | 0.1.1 | 3.59 | 34.95 | 38.54 | OK | |
r-release-linux-x86_64 | 0.1.1 | 2.77 | 35.11 | 37.88 | OK | |
r-release-macos-arm64 | 0.1.1 | 28.00 | OK | |||
r-release-macos-x86_64 | 0.1.1 | 63.00 | OK | |||
r-oldrel-macos-arm64 | 0.1.1 | 31.00 | OK | |||
r-oldrel-macos-x86_64 | 0.1.1 | 72.00 | OK |
Version: 0.1.1
Check: DESCRIPTION meta-information
Result: NOTE
Missing dependency on R >= 4.1.0 because package code uses the pipe
|> or function shorthand \(...) syntax added in R 4.1.0.
File(s) using such syntax:
‘redSolve.R’
Flavors: r-devel-linux-x86_64-debian-clang, r-devel-linux-x86_64-debian-gcc, r-devel-linux-x86_64-fedora-clang, r-devel-linux-x86_64-fedora-gcc, r-devel-macos-x86_64