Last updated on 2025-02-19 09:51:00 CET.
Flavor | Version | Tinstall | Tcheck | Ttotal | Status | Flags |
---|---|---|---|---|---|---|
r-devel-linux-x86_64-debian-clang | 0.3.0 | 1.77 | 24.05 | 25.82 | OK | |
r-devel-linux-x86_64-debian-gcc | 0.3.0 | 1.54 | 19.32 | 20.86 | OK | |
r-devel-linux-x86_64-fedora-clang | 0.3.0 | 41.66 | OK | |||
r-devel-linux-x86_64-fedora-gcc | 0.3.0 | 54.01 | OK | |||
r-devel-macos-arm64 | 0.3.0 | 24.00 | OK | |||
r-devel-macos-x86_64 | 0.3.0 | 41.00 | OK | |||
r-devel-windows-x86_64 | 0.3.0 | 3.00 | 48.00 | 51.00 | OK | |
r-patched-linux-x86_64 | 0.3.0 | 2.05 | 22.64 | 24.69 | NOTE | |
r-release-linux-x86_64 | 0.3.0 | 1.81 | 22.65 | 24.46 | NOTE | |
r-release-macos-arm64 | 0.3.0 | 24.00 | NOTE | |||
r-release-macos-x86_64 | 0.3.0 | 33.00 | NOTE | |||
r-release-windows-x86_64 | 0.3.0 | 3.00 | 49.00 | 52.00 | NOTE | |
r-oldrel-macos-arm64 | 0.3.0 | 23.00 | NOTE | |||
r-oldrel-macos-x86_64 | 0.3.0 | 33.00 | NOTE | |||
r-oldrel-windows-x86_64 | 0.3.0 | 3.00 | 56.00 | 59.00 | NOTE |
Version: 0.3.0
Check: LazyData
Result: NOTE
'LazyData' is specified without a 'data' directory
Flavors: r-patched-linux-x86_64, r-release-linux-x86_64, r-release-macos-arm64, r-release-macos-x86_64, r-release-windows-x86_64, r-oldrel-macos-arm64, r-oldrel-macos-x86_64, r-oldrel-windows-x86_64