Last updated on 2025-02-17 09:49:52 CET.
Flavor | Version | Tinstall | Tcheck | Ttotal | Status | Flags |
---|---|---|---|---|---|---|
r-devel-linux-x86_64-debian-clang | 1.0.0 | 2.18 | 21.65 | 23.83 | NOTE | |
r-devel-linux-x86_64-debian-gcc | 1.0.0 | 1.58 | 17.03 | 18.61 | NOTE | |
r-devel-linux-x86_64-fedora-clang | 1.0.0 | 38.23 | NOTE | |||
r-devel-linux-x86_64-fedora-gcc | 1.0.0 | 35.63 | NOTE | |||
r-devel-macos-arm64 | 1.0.0 | 15.00 | NOTE | |||
r-devel-macos-x86_64 | 1.0.0 | 24.00 | NOTE | |||
r-devel-windows-x86_64 | 1.0.0 | 4.00 | 46.00 | 50.00 | NOTE | |
r-patched-linux-x86_64 | 1.0.0 | 2.99 | 20.35 | 23.34 | NOTE | |
r-release-linux-x86_64 | 1.0.0 | 1.70 | 20.46 | 22.16 | NOTE | |
r-release-macos-arm64 | 1.0.0 | 16.00 | NOTE | |||
r-release-macos-x86_64 | 1.0.0 | 21.00 | NOTE | |||
r-release-windows-x86_64 | 1.0.0 | 3.00 | 44.00 | 47.00 | NOTE | |
r-oldrel-macos-arm64 | 1.0.0 | 17.00 | NOTE | |||
r-oldrel-macos-x86_64 | 1.0.0 | 21.00 | NOTE | |||
r-oldrel-windows-x86_64 | 1.0.0 | 3.00 | 46.00 | 49.00 | NOTE |
Version: 1.0.0
Check: DESCRIPTION meta-information
Result: NOTE
Malformed Description field: should contain one or more complete sentences.
Flavors: r-devel-linux-x86_64-debian-clang, r-devel-linux-x86_64-debian-gcc, r-devel-linux-x86_64-fedora-clang, r-devel-linux-x86_64-fedora-gcc, r-devel-macos-arm64, r-devel-macos-x86_64, r-devel-windows-x86_64, r-patched-linux-x86_64, r-release-linux-x86_64, r-release-macos-arm64, r-release-macos-x86_64, r-release-windows-x86_64, r-oldrel-macos-arm64, r-oldrel-macos-x86_64, r-oldrel-windows-x86_64