Last updated on 2025-07-12 09:49:28 CEST.
Flavor | Version | Tinstall | Tcheck | Ttotal | Status | Flags |
---|---|---|---|---|---|---|
r-devel-linux-x86_64-debian-clang | 2.1.16 | 15.77 | 85.37 | 101.14 | OK | |
r-devel-linux-x86_64-debian-gcc | 2.1.16 | 9.45 | 58.36 | 67.81 | OK | |
r-devel-linux-x86_64-fedora-clang | 2.1.16 | 155.63 | OK | |||
r-devel-linux-x86_64-fedora-gcc | 2.1.16 | 142.25 | OK | |||
r-devel-windows-x86_64 | 2.1.16 | 22.00 | 118.00 | 140.00 | OK | |
r-patched-linux-x86_64 | 2.1.16 | 19.27 | 79.20 | 98.47 | OK | |
r-release-linux-x86_64 | 2.1.16 | 12.57 | 78.35 | 90.92 | OK | |
r-release-macos-arm64 | 2.1.16 | 62.00 | OK | |||
r-release-macos-x86_64 | 2.1.16 | 112.00 | OK | |||
r-release-windows-x86_64 | 2.1.16 | 22.00 | 123.00 | 145.00 | OK | |
r-oldrel-macos-arm64 | 2.1.16 | 49.00 | NOTE | |||
r-oldrel-macos-x86_64 | 2.1.16 | 126.00 | NOTE | |||
r-oldrel-windows-x86_64 | 2.1.16 | 26.00 | 137.00 | 163.00 | NOTE |
Version: 2.1.16
Check: installed package size
Result: NOTE
installed size is 11.9Mb
sub-directories of 1Mb or more:
api 3.1Mb
htmlwidgets 7.1Mb
Flavors: r-oldrel-macos-arm64, r-oldrel-macos-x86_64, r-oldrel-windows-x86_64