CRAN Package Check Results for Package r2fireworks

Last updated on 2025-11-27 09:49:48 CET.

Flavor Version Tinstall Tcheck Ttotal Status Flags
r-devel-linux-x86_64-debian-clang 0.1.0 1.64 22.36 24.00 OK
r-devel-linux-x86_64-debian-gcc 0.1.0 1.39 18.13 19.52 OK
r-devel-linux-x86_64-fedora-clang 0.1.0 37.48 NOTE
r-devel-linux-x86_64-fedora-gcc 0.1.0 50.06 NOTE
r-devel-windows-x86_64 0.1.0 6.00 44.00 50.00 OK
r-patched-linux-x86_64 0.1.0 1.83 21.12 22.95 OK
r-release-linux-x86_64 0.1.0 1.59 21.22 22.81 OK
r-release-macos-arm64 0.1.0 OK
r-release-macos-x86_64 0.1.0 2.00 44.00 46.00 OK
r-release-windows-x86_64 0.1.0 4.00 49.00 53.00 OK
r-oldrel-macos-arm64 0.1.0 OK
r-oldrel-macos-x86_64 0.1.0 2.00 33.00 35.00 OK
r-oldrel-windows-x86_64 0.1.0 4.00 49.00 53.00 OK

Check Details

Version: 0.1.0
Check: dependencies in R code
Result: NOTE Namespaces in Imports field not imported from: ‘shiny’ ‘utils’ All declared Imports should be used. Flavors: r-devel-linux-x86_64-fedora-clang, r-devel-linux-x86_64-fedora-gcc