CRAN Package Check Results for Package qrmdata

Last updated on 2025-02-17 09:49:52 CET.

Flavor Version Tinstall Tcheck Ttotal Status Flags
r-devel-linux-x86_64-debian-clang 2024-03-04-2 2.78 39.01 41.79 NOTE
r-devel-linux-x86_64-debian-gcc 2024-03-04-2 1.97 30.61 32.58 NOTE
r-devel-linux-x86_64-fedora-clang 2024-03-04-2 63.97 OK
r-devel-linux-x86_64-fedora-gcc 2024-03-04-2 61.51 OK
r-devel-macos-arm64 2024-03-04-2 29.00 OK
r-devel-macos-x86_64 2024-03-04-2 42.00 OK
r-devel-windows-x86_64 2024-03-04-2 4.00 64.00 68.00 NOTE
r-patched-linux-x86_64 2024-03-04-2 4.43 37.04 41.47 OK
r-release-linux-x86_64 2024-03-04-2 2.32 36.96 39.28 OK
r-release-macos-arm64 2024-03-04-2 28.00 NOTE
r-release-macos-x86_64 2024-03-04-2 40.00 NOTE
r-release-windows-x86_64 2024-03-04-2 4.00 75.00 79.00 NOTE
r-oldrel-macos-arm64 2024-03-04-2 32.00 NOTE
r-oldrel-macos-x86_64 2024-03-04-2 44.00 NOTE
r-oldrel-windows-x86_64 2024-03-04-2 5.00 93.00 98.00 NOTE

Check Details

Version: 2024-03-04-2
Check: Rd cross-references
Result: NOTE Found the following Rd file(s) with Rd \link{} targets missing package anchors: commodities.Rd: xts crypto.Rd: xts default.Rd: xts fx.Rd: xts interest_rates.Rd: xts losses.Rd: xts stock_indices.Rd: xts stock_indices_constituents.Rd: xts stocks.Rd: xts volatility.Rd: xts Please provide package anchors for all Rd \link{} targets not in the package itself and the base packages. Flavors: r-devel-linux-x86_64-debian-clang, r-devel-linux-x86_64-debian-gcc, r-devel-windows-x86_64

Version: 2024-03-04-2
Check: installed package size
Result: NOTE installed size is 11.0Mb sub-directories of 1Mb or more: data 10.8Mb Flavors: r-release-macos-arm64, r-release-macos-x86_64, r-release-windows-x86_64, r-oldrel-macos-arm64, r-oldrel-macos-x86_64, r-oldrel-windows-x86_64