Last updated on 2025-02-17 09:49:52 CET.
Flavor | Version | Tinstall | Tcheck | Ttotal | Status | Flags |
---|---|---|---|---|---|---|
r-devel-linux-x86_64-debian-clang | 0.2.7 | 10.08 | 183.59 | 193.67 | OK | |
r-devel-linux-x86_64-debian-gcc | 0.2.7 | 7.07 | 135.72 | 142.79 | OK | |
r-devel-linux-x86_64-fedora-clang | 0.2.7 | 315.23 | OK | |||
r-devel-linux-x86_64-fedora-gcc | 0.2.7 | 309.84 | OK | |||
r-devel-macos-arm64 | 0.2.7 | 95.00 | OK | |||
r-devel-macos-x86_64 | 0.2.7 | 171.00 | OK | |||
r-devel-windows-x86_64 | 0.2.7 | 11.00 | 194.00 | 205.00 | OK | |
r-patched-linux-x86_64 | 0.2.7 | 10.28 | 175.69 | 185.97 | OK | |
r-release-linux-x86_64 | 0.2.7 | 9.25 | 174.96 | 184.21 | OK | |
r-release-macos-arm64 | 0.2.7 | 88.00 | OK | |||
r-release-macos-x86_64 | 0.2.7 | 145.00 | OK | |||
r-release-windows-x86_64 | 0.2.7 | 13.00 | 187.00 | 200.00 | OK | |
r-oldrel-macos-arm64 | 0.2.7 | 101.00 | OK | |||
r-oldrel-macos-x86_64 | 0.2.7 | 97.00 | NOTE | |||
r-oldrel-windows-x86_64 | 0.2.7 | 14.00 | 219.00 | 233.00 | OK |
Version: 0.2.7
Check: package dependencies
Result: NOTE
Packages suggested but not available for checking: 'glmmTMB', 'DHARMa'
Flavor: r-oldrel-macos-x86_64