Last updated on 2025-02-19 09:51:00 CET.
Flavor | Version | Tinstall | Tcheck | Ttotal | Status | Flags |
---|---|---|---|---|---|---|
r-devel-linux-x86_64-debian-clang | 1.1.1 | 310.17 | 179.00 | 489.17 | OK | |
r-devel-linux-x86_64-debian-gcc | 1.1.1 | 255.34 | 130.63 | 385.97 | OK | |
r-devel-linux-x86_64-fedora-clang | 1.1.1 | 806.05 | OK | |||
r-devel-linux-x86_64-fedora-gcc | 1.1.1 | 956.38 | OK | |||
r-devel-macos-arm64 | 1.1.1 | 205.00 | OK | |||
r-devel-macos-x86_64 | 1.1.1 | 300.00 | OK | |||
r-devel-windows-x86_64 | 1.1.1 | 305.00 | 204.00 | 509.00 | OK | |
r-patched-linux-x86_64 | 1.1.1 | 348.12 | 180.25 | 528.37 | OK | |
r-release-linux-x86_64 | 1.1.1 | 348.10 | 180.11 | 528.21 | OK | |
r-release-macos-arm64 | 1.1.1 | 209.00 | NOTE | |||
r-release-macos-x86_64 | 1.1.1 | 240.00 | NOTE | |||
r-release-windows-x86_64 | 1.1.1 | 303.00 | 207.00 | 510.00 | OK | |
r-oldrel-macos-arm64 | 1.1.1 | 184.00 | NOTE | |||
r-oldrel-macos-x86_64 | 1.1.1 | 416.00 | NOTE | |||
r-oldrel-windows-x86_64 | 1.1.1 | 383.00 | 244.00 | 627.00 | OK |
Version: 1.1.1
Check: installed package size
Result: NOTE
installed size is 145.3Mb
sub-directories of 1Mb or more:
libs 144.1Mb
Flavors: r-release-macos-arm64, r-release-macos-x86_64, r-oldrel-macos-arm64, r-oldrel-macos-x86_64