Last updated on 2025-11-08 09:50:55 CET.
| Flavor | Version | Tinstall | Tcheck | Ttotal | Status | Flags |
|---|---|---|---|---|---|---|
| r-devel-linux-x86_64-debian-clang | 2.0.1.9 | 1023.82 | 171.31 | 1195.13 | OK | |
| r-devel-linux-x86_64-debian-gcc | 2.0.1.9 | 959.43 | 200.67 | 1160.10 | OK | |
| r-devel-linux-x86_64-fedora-clang | 3.0.1.5 | 1620.00 | 253.09 | 1873.09 | OK | |
| r-devel-linux-x86_64-fedora-gcc | 2.0.1.9 | 3000.00 | -327.75 | 2672.25 | OK | |
| r-devel-windows-x86_64 | 2.0.1.9 | 1194.00 | 271.00 | 1465.00 | OK | |
| r-patched-linux-x86_64 | 2.0.1.9 | 1267.73 | 279.87 | 1547.60 | OK | |
| r-release-linux-x86_64 | 2.0.1.9 | 1274.17 | 282.60 | 1556.77 | OK | |
| r-release-macos-arm64 | 2.0.1.9 | 487.00 | 64.00 | 551.00 | OK | |
| r-release-macos-x86_64 | 3.0.1.5 | 376.00 | 100.00 | 476.00 | OK | |
| r-release-windows-x86_64 | 2.0.1.9 | 1179.00 | 275.00 | 1454.00 | OK | |
| r-oldrel-macos-arm64 | 2.0.1.9 | 421.00 | 67.00 | 488.00 | NOTE | |
| r-oldrel-macos-x86_64 | 3.0.1.5 | 366.00 | 134.00 | 500.00 | NOTE | |
| r-oldrel-windows-x86_64 | 2.0.1.9 | 1343.00 | 344.00 | 1687.00 | NOTE |
Version: 2.0.1.9
Check: installed package size
Result: NOTE
installed size is 146.6Mb
sub-directories of 1Mb or more:
libs 146.2Mb
Flavors: r-oldrel-macos-arm64, r-oldrel-windows-x86_64
Version: 2.0.1.9
Check: for GNU extensions in Makefiles
Result: NOTE
GNU make is a SystemRequirements.
Flavors: r-oldrel-macos-arm64, r-oldrel-windows-x86_64
Version: 3.0.1.5
Check: installed package size
Result: NOTE
installed size is 149.8Mb
sub-directories of 1Mb or more:
libs 149.3Mb
Flavor: r-oldrel-macos-x86_64
Version: 3.0.1.5
Check: for GNU extensions in Makefiles
Result: NOTE
GNU make is a SystemRequirements.
Flavor: r-oldrel-macos-x86_64