Last updated on 2025-02-19 09:50:59 CET.
Flavor | Version | Tinstall | Tcheck | Ttotal | Status | Flags |
---|---|---|---|---|---|---|
r-devel-linux-x86_64-debian-clang | 0.0.3 | 14.98 | 67.04 | 82.02 | NOTE | |
r-devel-linux-x86_64-debian-gcc | 0.0.3 | 10.59 | 48.02 | 58.61 | NOTE | |
r-devel-linux-x86_64-fedora-clang | 0.0.3 | 132.55 | NOTE | |||
r-devel-linux-x86_64-fedora-gcc | 0.0.3 | 141.24 | NOTE | |||
r-devel-macos-arm64 | 0.0.3 | 57.00 | NOTE | |||
r-devel-macos-x86_64 | 0.0.3 | 88.00 | NOTE | |||
r-devel-windows-x86_64 | 0.0.3 | 19.00 | 93.00 | 112.00 | NOTE | |
r-patched-linux-x86_64 | 0.0.3 | 14.78 | 60.89 | 75.67 | NOTE | |
r-release-linux-x86_64 | 0.0.3 | 13.26 | 61.42 | 74.68 | NOTE | |
r-release-macos-arm64 | 0.0.3 | 52.00 | NOTE | |||
r-release-macos-x86_64 | 0.0.3 | 69.00 | NOTE | |||
r-release-windows-x86_64 | 0.0.3 | 20.00 | 110.00 | 130.00 | NOTE | |
r-oldrel-macos-arm64 | 0.0.3 | 51.00 | OK | |||
r-oldrel-macos-x86_64 | 0.0.3 | 76.00 | OK | |||
r-oldrel-windows-x86_64 | 0.0.3 | 23.00 | 126.00 | 149.00 | OK |
Version: 0.0.3
Check: Rd files
Result: NOTE
checkRd: (-1) dev_data.Rd:10: Lost braces in \itemize; meant \describe ?
checkRd: (-1) dev_data.Rd:11: Lost braces in \itemize; meant \describe ?
checkRd: (-1) dev_data.Rd:12: Lost braces in \itemize; meant \describe ?
checkRd: (-1) dev_data.Rd:13: Lost braces in \itemize; meant \describe ?
checkRd: (-1) dev_data.Rd:14: Lost braces in \itemize; meant \describe ?
checkRd: (-1) gusto.Rd:10: Lost braces in \itemize; meant \describe ?
checkRd: (-1) gusto.Rd:11: Lost braces in \itemize; meant \describe ?
checkRd: (-1) gusto.Rd:12: Lost braces in \itemize; meant \describe ?
checkRd: (-1) gusto.Rd:13: Lost braces in \itemize; meant \describe ?
checkRd: (-1) gusto.Rd:14: Lost braces in \itemize; meant \describe ?
checkRd: (-1) val_data.Rd:10: Lost braces in \itemize; meant \describe ?
checkRd: (-1) val_data.Rd:11: Lost braces in \itemize; meant \describe ?
checkRd: (-1) val_data.Rd:12: Lost braces in \itemize; meant \describe ?
checkRd: (-1) val_data.Rd:13: Lost braces in \itemize; meant \describe ?
checkRd: (-1) val_data.Rd:14: Lost braces in \itemize; meant \describe ?
Flavors: r-devel-linux-x86_64-debian-clang, r-devel-linux-x86_64-debian-gcc, r-devel-linux-x86_64-fedora-clang, r-devel-linux-x86_64-fedora-gcc, r-devel-macos-arm64, r-devel-macos-x86_64, r-devel-windows-x86_64, r-patched-linux-x86_64, r-release-linux-x86_64, r-release-macos-arm64, r-release-macos-x86_64, r-release-windows-x86_64