Last updated on 2025-11-27 09:49:47 CET.
| Flavor | Version | Tinstall | Tcheck | Ttotal | Status | Flags |
|---|---|---|---|---|---|---|
| r-devel-linux-x86_64-debian-clang | 0.1.1 | 5.90 | 57.64 | 63.54 | OK | |
| r-devel-linux-x86_64-debian-gcc | 0.1.1 | 4.21 | 40.16 | 44.37 | OK | |
| r-devel-linux-x86_64-fedora-clang | 0.1.1 | 13.00 | 83.50 | 96.50 | NOTE | |
| r-devel-linux-x86_64-fedora-gcc | 0.1.1 | 26.00 | 68.85 | 94.85 | NOTE | |
| r-devel-windows-x86_64 | 0.1.1 | 11.00 | 72.00 | 83.00 | OK | |
| r-patched-linux-x86_64 | 0.1.1 | 3.79 | 52.14 | 55.93 | OK | |
| r-release-linux-x86_64 | 0.1.1 | 5.65 | 51.38 | 57.03 | OK | |
| r-release-macos-arm64 | 0.1.1 | OK | ||||
| r-release-macos-x86_64 | 0.1.1 | 4.00 | 36.00 | 40.00 | OK | |
| r-release-windows-x86_64 | 0.1.1 | 8.00 | 79.00 | 87.00 | OK | |
| r-oldrel-macos-arm64 | 0.1.1 | OK | ||||
| r-oldrel-macos-x86_64 | 0.1.1 | 4.00 | 32.00 | 36.00 | OK | |
| r-oldrel-windows-x86_64 | 0.1.1 | 10.00 | 85.00 | 95.00 | OK |
Version: 0.1.1
Check: dependencies in R code
Result: NOTE
Namespace in Imports field not imported from: ‘tibble’
All declared Imports should be used.
Flavors: r-devel-linux-x86_64-fedora-clang, r-devel-linux-x86_64-fedora-gcc