Last updated on 2025-02-19 09:50:59 CET.
Flavor | Version | Tinstall | Tcheck | Ttotal | Status | Flags |
---|---|---|---|---|---|---|
r-devel-linux-x86_64-debian-clang | 3.0.0 | 47.09 | 145.15 | 192.24 | OK | |
r-devel-linux-x86_64-debian-gcc | 3.0.0 | 36.26 | 98.52 | 134.78 | OK | |
r-devel-linux-x86_64-fedora-clang | 3.0.0 | 324.72 | OK | |||
r-devel-linux-x86_64-fedora-gcc | 3.0.0 | 320.66 | OK | |||
r-devel-macos-arm64 | 3.0.0 | 83.00 | OK | |||
r-devel-macos-x86_64 | 3.0.0 | 168.00 | OK | |||
r-devel-windows-x86_64 | 3.0.0 | 48.00 | 196.00 | 244.00 | OK | |
r-patched-linux-x86_64 | 3.0.0 | 49.89 | 135.75 | 185.64 | OK | |
r-release-linux-x86_64 | 3.0.0 | 49.31 | 135.88 | 185.19 | OK | |
r-release-macos-arm64 | 3.0.0 | 89.00 | NOTE | |||
r-release-macos-x86_64 | 3.0.0 | 136.00 | OK | |||
r-release-windows-x86_64 | 3.0.0 | 49.00 | 193.00 | 242.00 | OK | |
r-oldrel-macos-arm64 | 3.0.0 | 90.00 | NOTE | |||
r-oldrel-macos-x86_64 | 3.0.0 | 143.00 | OK | |||
r-oldrel-windows-x86_64 | 3.0.0 | 64.00 | 230.00 | 294.00 | OK |
Version: 3.0.0
Check: installed package size
Result: NOTE
installed size is 5.6Mb
sub-directories of 1Mb or more:
libs 3.1Mb
Flavors: r-release-macos-arm64, r-oldrel-macos-arm64