CRAN Package Check Results for Package pointr

Last updated on 2025-02-17 09:49:51 CET.

Flavor Version Tinstall Tcheck Ttotal Status Flags
r-devel-linux-x86_64-debian-clang 0.2.0 1.55 16.56 18.11 OK
r-devel-linux-x86_64-debian-gcc 0.2.0 1.38 13.85 15.23 OK
r-devel-linux-x86_64-fedora-clang 0.2.0 29.83 OK
r-devel-linux-x86_64-fedora-gcc 0.2.0 27.64 OK
r-devel-macos-arm64 0.2.0 16.00 OK
r-devel-macos-x86_64 0.2.0 23.00 OK
r-devel-windows-x86_64 0.2.0 3.00 45.00 48.00 OK
r-patched-linux-x86_64 0.2.0 1.51 16.08 17.59 NOTE
r-release-linux-x86_64 0.2.0 1.61 15.83 17.44 NOTE
r-release-macos-arm64 0.2.0 15.00 NOTE
r-release-macos-x86_64 0.2.0 20.00 NOTE
r-release-windows-x86_64 0.2.0 3.00 39.00 42.00 NOTE
r-oldrel-macos-arm64 0.2.0 16.00 NOTE
r-oldrel-macos-x86_64 0.2.0 18.00 NOTE
r-oldrel-windows-x86_64 0.2.0 3.00 39.00 42.00 NOTE

Check Details

Version: 0.2.0
Check: LazyData
Result: NOTE 'LazyData' is specified without a 'data' directory Flavors: r-patched-linux-x86_64, r-release-linux-x86_64, r-release-macos-arm64, r-release-macos-x86_64, r-release-windows-x86_64, r-oldrel-macos-arm64, r-oldrel-macos-x86_64, r-oldrel-windows-x86_64