Last updated on 2025-02-19 09:50:59 CET.
Flavor | Version | Tinstall | Tcheck | Ttotal | Status | Flags |
---|---|---|---|---|---|---|
r-devel-linux-x86_64-debian-clang | 0.1.6 | 2.20 | 43.15 | 45.35 | OK | |
r-devel-linux-x86_64-debian-gcc | 0.1.6 | 1.57 | 31.10 | 32.67 | OK | |
r-devel-linux-x86_64-fedora-clang | 0.1.6 | 74.52 | NOTE | |||
r-devel-linux-x86_64-fedora-gcc | 0.1.6 | 84.98 | NOTE | |||
r-devel-macos-arm64 | 0.1.6 | 26.00 | OK | |||
r-devel-macos-x86_64 | 0.1.6 | 55.00 | OK | |||
r-devel-windows-x86_64 | 0.1.6 | 4.00 | 68.00 | 72.00 | OK | |
r-patched-linux-x86_64 | 0.1.6 | 2.21 | 41.37 | 43.58 | NOTE | |
r-release-linux-x86_64 | 0.1.6 | 1.77 | 42.02 | 43.79 | NOTE | |
r-release-macos-arm64 | 0.1.6 | 35.00 | NOTE | |||
r-release-macos-x86_64 | 0.1.6 | 48.00 | NOTE | |||
r-release-windows-x86_64 | 0.1.6 | 3.00 | 63.00 | 66.00 | NOTE | |
r-oldrel-macos-arm64 | 0.1.6 | 29.00 | NOTE | |||
r-oldrel-macos-x86_64 | 0.1.6 | 49.00 | NOTE | |||
r-oldrel-windows-x86_64 | 0.1.6 | 3.00 | 74.00 | 77.00 | NOTE |
Version: 0.1.6
Check: dependencies in R code
Result: NOTE
Namespace in Imports field not imported from: ‘graphics’
All declared Imports should be used.
Flavors: r-devel-linux-x86_64-fedora-clang, r-devel-linux-x86_64-fedora-gcc
Version: 0.1.6
Check: LazyData
Result: NOTE
'LazyData' is specified without a 'data' directory
Flavors: r-patched-linux-x86_64, r-release-linux-x86_64, r-release-macos-arm64, r-release-macos-x86_64, r-release-windows-x86_64, r-oldrel-macos-arm64, r-oldrel-macos-x86_64, r-oldrel-windows-x86_64