Last updated on 2025-02-19 09:50:59 CET.
Flavor | Version | Tinstall | Tcheck | Ttotal | Status | Flags |
---|---|---|---|---|---|---|
r-devel-linux-x86_64-debian-clang | 2.6-5 | 20.04 | 180.02 | 200.06 | OK | |
r-devel-linux-x86_64-debian-gcc | 2.6-5 | 12.10 | 119.26 | 131.36 | OK | |
r-devel-linux-x86_64-fedora-clang | 2.6-5 | 316.19 | OK | |||
r-devel-linux-x86_64-fedora-gcc | 2.6-5 | 319.72 | OK | |||
r-devel-macos-arm64 | 2.6-5 | 92.00 | OK | |||
r-devel-macos-x86_64 | 2.6-5 | 225.00 | OK | |||
r-devel-windows-x86_64 | 2.6-5 | 23.00 | 197.00 | 220.00 | OK | |
r-patched-linux-x86_64 | 2.6-5 | 20.53 | 165.72 | 186.25 | OK | |
r-release-linux-x86_64 | 2.6-5 | 16.86 | 167.80 | 184.66 | OK | |
r-release-macos-arm64 | 2.6-5 | 99.00 | OK | |||
r-release-macos-x86_64 | 2.6-5 | 181.00 | OK | |||
r-release-windows-x86_64 | 2.6-5 | 21.00 | 197.00 | 218.00 | OK | |
r-oldrel-macos-arm64 | 2.6-4 | 97.00 | NOTE | |||
r-oldrel-macos-x86_64 | 2.6-5 | 216.00 | OK | |||
r-oldrel-windows-x86_64 | 2.6-5 | 29.00 | 234.00 | 263.00 | OK |
Version: 2.6-4
Check: installed package size
Result: NOTE
installed size is 5.7Mb
sub-directories of 1Mb or more:
tests 3.2Mb
Flavor: r-oldrel-macos-arm64