Last updated on 2025-02-17 09:49:51 CET.
Flavor | Version | Tinstall | Tcheck | Ttotal | Status | Flags |
---|---|---|---|---|---|---|
r-devel-linux-x86_64-debian-clang | 0.1.3 | 91.02 | 67.56 | 158.58 | OK | |
r-devel-linux-x86_64-debian-gcc | 0.1.3 | 73.73 | 56.13 | 129.86 | OK | |
r-devel-linux-x86_64-fedora-clang | 0.1.3 | 252.41 | OK | |||
r-devel-linux-x86_64-fedora-gcc | 0.1.3 | 299.22 | OK | |||
r-devel-macos-arm64 | 0.1.3 | 68.00 | OK | |||
r-devel-macos-x86_64 | 0.1.3 | 106.00 | OK | |||
r-devel-windows-x86_64 | 0.1.3 | 82.00 | 115.00 | 197.00 | OK | |
r-patched-linux-x86_64 | 0.1.3 | 103.19 | 73.41 | 176.60 | OK | |
r-release-linux-x86_64 | 0.1.3 | 98.76 | 73.17 | 171.93 | OK | |
r-release-macos-arm64 | 0.1.3 | 75.00 | NOTE | |||
r-release-macos-x86_64 | 0.1.3 | 87.00 | NOTE | |||
r-release-windows-x86_64 | 0.1.3 | 85.00 | 106.00 | 191.00 | OK | |
r-oldrel-macos-arm64 | 0.1.3 | 63.00 | NOTE | |||
r-oldrel-macos-x86_64 | 0.1.3 | 145.00 | NOTE | |||
r-oldrel-windows-x86_64 | 0.1.3 | 104.00 | 127.00 | 231.00 | OK |
Version: 0.1.3
Check: installed package size
Result: NOTE
installed size is 28.9Mb
sub-directories of 1Mb or more:
libs 28.8Mb
Flavors: r-release-macos-arm64, r-release-macos-x86_64, r-oldrel-macos-arm64, r-oldrel-macos-x86_64