CRAN Package Check Results for Package pkgGraphR

Last updated on 2025-02-19 09:50:58 CET.

Flavor Version Tinstall Tcheck Ttotal Status Flags
r-devel-linux-x86_64-debian-clang 0.3.1 1.93 24.69 26.62 NOTE
r-devel-linux-x86_64-debian-gcc 0.3.1 1.51 20.07 21.58 NOTE
r-devel-linux-x86_64-fedora-clang 0.3.1 43.64 NOTE
r-devel-linux-x86_64-fedora-gcc 0.3.1 54.81 NOTE
r-devel-macos-arm64 0.3.1 27.00 OK
r-devel-macos-x86_64 0.3.1 41.00 NOTE
r-devel-windows-x86_64 0.3.1 3.00 51.00 54.00 NOTE
r-patched-linux-x86_64 0.3.1 2.18 23.52 25.70 OK
r-release-linux-x86_64 0.3.1 1.95 23.67 25.62 OK
r-release-macos-arm64 0.3.1 33.00 OK
r-release-macos-x86_64 0.3.1 49.00 OK
r-release-windows-x86_64 0.3.1 4.00 48.00 52.00 OK
r-oldrel-macos-arm64 0.3.1 37.00 OK
r-oldrel-macos-x86_64 0.3.1 48.00 OK
r-oldrel-windows-x86_64 0.3.1 4.00 47.00 51.00 OK

Check Details

Version: 0.3.1
Check: DESCRIPTION meta-information
Result: NOTE Missing dependency on R >= 4.1.0 because package code uses the pipe |> or function shorthand \(...) syntax added in R 4.1.0. File(s) using such syntax: ‘functions.r’ ‘utils.r’ Flavors: r-devel-linux-x86_64-debian-clang, r-devel-linux-x86_64-debian-gcc, r-devel-linux-x86_64-fedora-clang, r-devel-linux-x86_64-fedora-gcc, r-devel-macos-x86_64, r-devel-windows-x86_64