CRAN Package Check Results for Package pec

Last updated on 2025-02-17 09:49:50 CET.

Flavor Version Tinstall Tcheck Ttotal Status Flags
r-devel-linux-x86_64-debian-clang 2023.04.12 16.21 99.49 115.70 NOTE
r-devel-linux-x86_64-debian-gcc 2023.04.12 10.74 71.83 82.57 NOTE
r-devel-linux-x86_64-fedora-clang 2023.04.12 192.21 OK
r-devel-linux-x86_64-fedora-gcc 2023.04.12 175.98 OK
r-devel-macos-arm64 2023.04.12 54.00 OK
r-devel-macos-x86_64 2023.04.12 93.00 OK
r-devel-windows-x86_64 2023.04.12 20.00 115.00 135.00 NOTE
r-patched-linux-x86_64 2023.04.12 21.82 92.45 114.27 OK
r-release-linux-x86_64 2023.04.12 14.14 91.79 105.93 OK
r-release-macos-arm64 2023.04.12 51.00 OK
r-release-macos-x86_64 2023.04.12 76.00 OK
r-release-windows-x86_64 2023.04.12 20.00 111.00 131.00 OK
r-oldrel-macos-arm64 2023.04.12 51.00 OK
r-oldrel-macos-x86_64 2023.04.12 97.00 OK
r-oldrel-windows-x86_64 2023.04.12 25.00 139.00 164.00 OK

Check Details

Version: 2023.04.12
Check: Rd cross-references
Result: NOTE Found the following Rd file(s) with Rd \link{} targets missing package anchors: calPlot.Rd: SmartControl, dpik coxboost.Rd: Hist plot.pec.Rd: prodlim plotPredictEventProb.Rd: SmartControl, prodlim plotPredictSurvProb.Rd: SmartControl, prodlim predictRestrictedMeanTime.Rd: survfit predictSurvProb.Rd: survfit selectCox.Rd: fastbw Please provide package anchors for all Rd \link{} targets not in the package itself and the base packages. Flavors: r-devel-linux-x86_64-debian-clang, r-devel-linux-x86_64-debian-gcc, r-devel-windows-x86_64