Last updated on 2025-02-19 09:50:58 CET.
Flavor | Version | Tinstall | Tcheck | Ttotal | Status | Flags |
---|---|---|---|---|---|---|
r-devel-linux-x86_64-debian-clang | 1.1.3 | 28.71 | 190.27 | 218.98 | NOTE | |
r-devel-linux-x86_64-debian-gcc | 1.1.3 | 23.86 | 126.23 | 150.09 | NOTE | |
r-devel-linux-x86_64-fedora-clang | 1.1.3 | 358.86 | NOTE | |||
r-devel-linux-x86_64-fedora-gcc | 1.1.3 | 384.27 | NOTE | |||
r-devel-macos-arm64 | 1.1.3 | 136.00 | NOTE | |||
r-devel-macos-x86_64 | 1.1.3 | 282.00 | NOTE | |||
r-devel-windows-x86_64 | 1.1.3 | 37.00 | 188.00 | 225.00 | NOTE | |
r-patched-linux-x86_64 | 1.1.3 | 33.51 | 181.96 | 215.47 | NOTE | |
r-release-linux-x86_64 | 1.1.3 | 33.16 | 182.46 | 215.62 | NOTE | |
r-release-macos-arm64 | 1.1.3 | 139.00 | NOTE | |||
r-release-macos-x86_64 | 1.1.3 | 198.00 | NOTE | |||
r-release-windows-x86_64 | 1.1.3 | 37.00 | 196.00 | 233.00 | NOTE | |
r-oldrel-macos-arm64 | 1.1.3 | 124.00 | NOTE | |||
r-oldrel-macos-x86_64 | 1.1.3 | 243.00 | NOTE | |||
r-oldrel-windows-x86_64 | 1.1.3 | 47.00 | 227.00 | 274.00 | NOTE |
Version: 1.1.3
Check: C++ specification
Result: NOTE
Specified C++11: please drop specification unless essential
Flavors: r-devel-linux-x86_64-debian-clang, r-devel-linux-x86_64-debian-gcc, r-devel-linux-x86_64-fedora-clang, r-devel-linux-x86_64-fedora-gcc, r-devel-macos-arm64, r-devel-macos-x86_64, r-devel-windows-x86_64, r-patched-linux-x86_64, r-release-linux-x86_64, r-release-macos-arm64, r-release-macos-x86_64, r-release-windows-x86_64, r-oldrel-macos-arm64, r-oldrel-macos-x86_64, r-oldrel-windows-x86_64