Last updated on 2025-11-27 09:49:45 CET.
| Flavor | Version | Tinstall | Tcheck | Ttotal | Status | Flags |
|---|---|---|---|---|---|---|
| r-devel-linux-x86_64-debian-clang | 0.5.3 | 2.87 | 49.83 | 52.70 | NOTE | |
| r-devel-linux-x86_64-debian-gcc | 0.5.3 | 2.03 | 37.44 | 39.47 | NOTE | |
| r-devel-linux-x86_64-fedora-clang | 0.5.3 | 80.02 | OK | |||
| r-devel-linux-x86_64-fedora-gcc | 0.5.3 | 90.86 | OK | |||
| r-devel-windows-x86_64 | 0.5.3 | 7.00 | 99.00 | 106.00 | OK | |
| r-patched-linux-x86_64 | 0.5.3 | 3.07 | 47.36 | 50.43 | OK | |
| r-release-linux-x86_64 | 0.5.3 | 2.29 | 47.78 | 50.07 | OK | |
| r-release-macos-arm64 | 0.5.3 | OK | ||||
| r-release-macos-x86_64 | 0.5.3 | 4.00 | 83.00 | 87.00 | OK | |
| r-release-windows-x86_64 | 0.5.3 | 7.00 | 92.00 | 99.00 | OK | |
| r-oldrel-macos-arm64 | 0.5.3 | OK | ||||
| r-oldrel-macos-x86_64 | 0.5.3 | 2.00 | 65.00 | 67.00 | OK | |
| r-oldrel-windows-x86_64 | 0.5.3 | 7.00 | 116.00 | 123.00 | OK |
Version: 0.5.3
Check: CRAN incoming feasibility
Result: NOTE
Maintainer: ‘Brandon Whitcher <bwhitcher@gmail.com>’
Package CITATION file contains call(s) to old-style personList() or
as.personList(). Please use c() on person objects instead.
Package CITATION file contains call(s) to old-style citEntry(). Please
use bibentry() instead.
Flavors: r-devel-linux-x86_64-debian-clang, r-devel-linux-x86_64-debian-gcc