Last updated on 2025-02-17 09:49:49 CET.
Flavor | Version | Tinstall | Tcheck | Ttotal | Status | Flags |
---|---|---|---|---|---|---|
r-devel-linux-x86_64-debian-clang | 1.0.0 | 7.72 | 49.99 | 57.71 | OK | |
r-devel-linux-x86_64-debian-gcc | 1.0.0 | 5.48 | 33.17 | 38.65 | OK | |
r-devel-linux-x86_64-fedora-clang | 1.0.0 | 95.26 | OK | |||
r-devel-linux-x86_64-fedora-gcc | 1.0.0 | 94.36 | OK | |||
r-devel-macos-arm64 | 1.0.0 | 31.00 | OK | |||
r-devel-macos-x86_64 | 1.0.0 | 49.00 | OK | |||
r-devel-windows-x86_64 | 1.0.0 | 9.00 | 63.00 | 72.00 | OK | |
r-patched-linux-x86_64 | 1.0.0 | 8.93 | 45.45 | 54.38 | NOTE | |
r-release-linux-x86_64 | 1.0.0 | 7.55 | 46.30 | 53.85 | NOTE | |
r-release-macos-arm64 | 1.0.0 | 24.00 | NOTE | |||
r-release-macos-x86_64 | 1.0.0 | 37.00 | NOTE | |||
r-release-windows-x86_64 | 1.0.0 | 9.00 | 64.00 | 73.00 | NOTE | |
r-oldrel-macos-arm64 | 1.0.0 | 28.00 | NOTE | |||
r-oldrel-macos-x86_64 | 1.0.0 | 41.00 | NOTE | |||
r-oldrel-windows-x86_64 | 1.0.0 | 12.00 | 96.00 | 108.00 | NOTE |
Version: 1.0.0
Check: LazyData
Result: NOTE
'LazyData' is specified without a 'data' directory
Flavors: r-patched-linux-x86_64, r-release-linux-x86_64, r-release-macos-arm64, r-release-macos-x86_64, r-release-windows-x86_64, r-oldrel-macos-arm64, r-oldrel-macos-x86_64, r-oldrel-windows-x86_64